CRAN Package Check Results for Package czechrates

Last updated on 2024-06-14 05:58:19 CEST.

Flavor Version Tinstall Tcheck Ttotal Status Flags
r-devel-linux-x86_64-debian-clang 0.2.5 1.86 29.97 31.83 OK
r-devel-linux-x86_64-debian-gcc 0.2.5 0.24 1.74 1.98 ERROR
r-devel-linux-x86_64-fedora-clang 0.2.5 41.47 OK
r-devel-linux-x86_64-fedora-gcc 0.2.5 51.63 OK
r-devel-windows-x86_64 0.2.5 3.00 44.00 47.00 OK
r-patched-linux-x86_64 0.2.5 2.25 29.22 31.47 OK
r-release-linux-x86_64 0.2.5 2.41 29.11 31.52 OK
r-release-macos-arm64 0.2.5 25.00 OK
r-release-macos-x86_64 0.2.5 37.00 OK
r-release-windows-x86_64 0.2.5 4.00 45.00 49.00 OK
r-oldrel-macos-arm64 0.2.5 30.00 OK
r-oldrel-macos-x86_64 0.2.5 51.00 OK
r-oldrel-windows-x86_64 0.2.5 4.00 48.00 52.00 OK

Check Details

Version: 0.2.5
Check: package dependencies
Result: ERROR Packages required but not available: 'readr', 'dplyr', 'tibble', 'tidyr' Packages suggested but not available for checking: 'testthat', 'ggplot2' See section ‘The DESCRIPTION file’ in the ‘Writing R Extensions’ manual. Flavor: r-devel-linux-x86_64-debian-gcc