CRAN Package Check Results for Package cyclocomp

Last updated on 2024-06-14 05:58:19 CEST.

Flavor Version Tinstall Tcheck Ttotal Status Flags
r-devel-linux-x86_64-debian-clang 1.1.1 2.69 32.75 35.44 OK
r-devel-linux-x86_64-debian-gcc 1.1.1 2.04 22.32 24.36 ERROR
r-devel-linux-x86_64-fedora-clang 1.1.1 43.64 OK
r-devel-linux-x86_64-fedora-gcc 1.1.1 41.37 OK
r-devel-windows-x86_64 1.1.1 3.00 51.00 54.00 OK
r-patched-linux-x86_64 1.1.1 2.60 31.31 33.91 OK
r-release-linux-x86_64 1.1.1 2.06 31.37 33.43 OK
r-release-macos-arm64 1.1.1 19.00 OK
r-release-macos-x86_64 1.1.1 31.00 OK
r-release-windows-x86_64 1.1.1 3.00 52.00 55.00 OK
r-oldrel-macos-arm64 1.1.1 22.00 OK
r-oldrel-macos-x86_64 1.1.1 33.00 OK
r-oldrel-windows-x86_64 1.1.1 4.00 53.00 57.00 OK

Check Details

Version: 1.1.1
Check: package dependencies
Result: NOTE Package suggested but not available for checking: ‘testthat’ Flavor: r-devel-linux-x86_64-debian-gcc

Version: 1.1.1
Check: tests
Result: ERROR Running ‘testthat.R’ [0s/1s] Running the tests in ‘tests/testthat.R’ failed. Complete output: > library(testthat) Error in library(testthat) : there is no package called 'testthat' Execution halted Flavor: r-devel-linux-x86_64-debian-gcc