CRAN Package Check Results for Package curvecomp

Last updated on 2024-02-20 04:23:51 CET.

Flavor Version Tinstall Tcheck Ttotal Status Flags
r-devel-linux-x86_64-debian-clang 0.1.0 NOTE
r-devel-linux-x86_64-debian-gcc 0.1.0 7.08 52.38 59.46 NOTE
r-devel-linux-x86_64-fedora-clang 0.1.0 91.82 NOTE
r-devel-linux-x86_64-fedora-gcc 0.1.0 92.34 NOTE
r-devel-windows-x86_64 0.1.0 8.00 67.00 75.00 NOTE
r-patched-linux-x86_64 0.1.0 7.46 68.65 76.11 NOTE
r-release-linux-x86_64 0.1.0 7.84 68.30 76.14 NOTE
r-release-macos-arm64 0.1.0 33.00 NOTE
r-release-macos-x86_64 0.1.0 53.00 NOTE
r-release-windows-x86_64 0.1.0 10.00 76.00 86.00 NOTE
r-oldrel-macos-arm64 0.1.0 31.00 NOTE
r-oldrel-windows-x86_64 0.1.0 11.00 77.00 88.00 NOTE

Check Details

Version: 0.1.0
Check: LazyData
Result: NOTE 'LazyData' is specified without a 'data' directory Flavors: r-devel-linux-x86_64-debian-clang, r-devel-linux-x86_64-debian-gcc, r-devel-linux-x86_64-fedora-clang, r-devel-linux-x86_64-fedora-gcc, r-devel-windows-x86_64, r-patched-linux-x86_64, r-release-linux-x86_64, r-release-macos-arm64, r-release-macos-x86_64, r-release-windows-x86_64, r-oldrel-macos-arm64, r-oldrel-windows-x86_64

Version: 0.1.0
Check: for non-standard things in the check directory
Result: NOTE Found the following files/directories: ‘Adjusted_p_values.pdf’ ‘Effect_Size_Curves.pdf’ ‘Mean_Difference_Curves.pdf’ Flavors: r-devel-linux-x86_64-debian-clang, r-devel-linux-x86_64-debian-gcc, r-devel-linux-x86_64-fedora-clang, r-devel-linux-x86_64-fedora-gcc, r-patched-linux-x86_64, r-release-linux-x86_64