CRAN Package Check Results for Package cursr

Last updated on 2024-02-26 04:49:24 CET.

Flavor Version Tinstall Tcheck Ttotal Status Flags
r-devel-linux-x86_64-debian-clang 0.1.0 3.20 40.64 43.84 OK
r-devel-linux-x86_64-debian-gcc 0.1.0 3.02 31.86 34.88 OK
r-devel-linux-x86_64-fedora-clang 0.1.0 55.50 NOTE
r-devel-linux-x86_64-fedora-gcc 0.1.0 66.14 NOTE
r-devel-windows-x86_64 0.1.0 5.00 65.00 70.00 OK
r-patched-linux-x86_64 0.1.0 4.87 39.36 44.23 OK
r-release-linux-x86_64 0.1.0 3.28 39.89 43.17 OK
r-release-macos-arm64 0.1.0 29.00 OK
r-release-macos-x86_64 0.1.0 41.00 OK
r-release-windows-x86_64 0.1.0 5.00 70.00 75.00 OK
r-oldrel-macos-arm64 0.1.0 26.00 OK
r-oldrel-windows-x86_64 0.1.0 5.00 60.00 65.00 OK

Check Details

Version: 0.1.0
Check: data for non-ASCII characters
Result: NOTE Note: found 459 marked UTF-8 strings Flavors: r-devel-linux-x86_64-fedora-clang, r-devel-linux-x86_64-fedora-gcc