Last updated on 2023-12-07 04:56:19 CET.
Flavor | Version | Tinstall | Tcheck | Ttotal | Status | Flags |
---|---|---|---|---|---|---|
r-devel-linux-x86_64-debian-clang | 0.1.0 | 2.50 | 26.59 | 29.09 | NOTE | |
r-devel-linux-x86_64-debian-gcc | 0.1.0 | 1.89 | 20.79 | 22.68 | NOTE | |
r-devel-linux-x86_64-fedora-clang | 0.1.0 | 37.44 | NOTE | |||
r-devel-linux-x86_64-fedora-gcc | 0.1.0 | 45.92 | NOTE | |||
r-devel-windows-x86_64 | 0.1.0 | 3.00 | 45.00 | 48.00 | NOTE | |
r-patched-linux-x86_64 | 0.1.0 | 2.63 | 26.25 | 28.88 | NOTE | |
r-release-linux-x86_64 | 0.1.0 | 2.33 | 25.37 | 27.70 | NOTE | |
r-release-macos-arm64 | 0.1.0 | 24.00 | NOTE | |||
r-release-macos-x86_64 | 0.1.0 | 30.00 | NOTE | |||
r-release-windows-x86_64 | 0.1.0 | 4.00 | 44.00 | 48.00 | NOTE | |
r-oldrel-macos-arm64 | 0.1.0 | 14.00 | NOTE | |||
r-oldrel-macos-x86_64 | 0.1.0 | 22.00 | NOTE | |||
r-oldrel-windows-x86_64 | 0.1.0 | 4.00 | 48.00 | 52.00 | NOTE |
Version: 0.1.0
Check: LazyData
Result: NOTE
'LazyData' is specified without a 'data' directory
Flavors: r-devel-linux-x86_64-debian-clang, r-devel-linux-x86_64-debian-gcc, r-devel-linux-x86_64-fedora-clang, r-devel-linux-x86_64-fedora-gcc, r-devel-windows-x86_64, r-patched-linux-x86_64, r-release-linux-x86_64, r-release-macos-arm64, r-release-macos-x86_64, r-release-windows-x86_64, r-oldrel-macos-arm64, r-oldrel-macos-x86_64, r-oldrel-windows-x86_64