Last updated on 2023-12-02 04:52:10 CET.
Flavor | Version | Tinstall | Tcheck | Ttotal | Status | Flags |
---|---|---|---|---|---|---|
r-devel-linux-x86_64-debian-clang | 0.2.0 | 30.96 | 270.15 | 301.11 | NOTE | |
r-devel-linux-x86_64-debian-gcc | 0.2.0 | 23.61 | 204.05 | 227.66 | NOTE | |
r-devel-linux-x86_64-fedora-clang | 0.2.0 | 393.07 | NOTE | |||
r-devel-linux-x86_64-fedora-gcc | 0.2.0 | 358.76 | NOTE | |||
r-devel-windows-x86_64 | 0.2.0 | 23.00 | 169.00 | 192.00 | NOTE | |
r-patched-linux-x86_64 | 0.2.0 | 27.16 | 259.44 | 286.60 | NOTE | |
r-release-linux-x86_64 | 0.2.0 | 20.88 | 259.50 | 280.38 | NOTE | |
r-release-macos-arm64 | 0.2.0 | 87.00 | NOTE | |||
r-release-macos-x86_64 | 0.2.0 | 149.00 | NOTE | |||
r-release-windows-x86_64 | 0.2.0 | 35.00 | 231.00 | 266.00 | NOTE | |
r-oldrel-macos-arm64 | 0.2.0 | 64.00 | NOTE | |||
r-oldrel-macos-x86_64 | 0.2.0 | 118.00 | NOTE | |||
r-oldrel-windows-x86_64 | 0.2.0 | 35.00 | 222.00 | 257.00 | NOTE |
Version: 0.2.0
Check: LazyData
Result: NOTE
'LazyData' is specified without a 'data' directory
Flavors: r-devel-linux-x86_64-debian-clang, r-devel-linux-x86_64-debian-gcc, r-devel-linux-x86_64-fedora-clang, r-devel-linux-x86_64-fedora-gcc, r-devel-windows-x86_64, r-patched-linux-x86_64, r-release-linux-x86_64, r-release-macos-arm64, r-release-macos-x86_64, r-release-windows-x86_64, r-oldrel-macos-arm64, r-oldrel-macos-x86_64, r-oldrel-windows-x86_64