Last updated on 2023-12-07 04:56:19 CET.
Flavor | Version | Tinstall | Tcheck | Ttotal | Status | Flags |
---|---|---|---|---|---|---|
r-devel-linux-x86_64-debian-clang | 1.16.0 | 11.21 | 100.03 | 111.24 | OK | |
r-devel-linux-x86_64-debian-gcc | 1.16.0 | 9.63 | 74.66 | 84.29 | OK | |
r-devel-linux-x86_64-fedora-clang | 1.16.0 | 145.50 | NOTE | |||
r-devel-linux-x86_64-fedora-gcc | 1.16.0 | 149.11 | OK | |||
r-devel-windows-x86_64 | 1.16.0 | 11.00 | 93.00 | 104.00 | OK | |
r-patched-linux-x86_64 | 1.16.0 | 8.82 | 95.60 | 104.42 | OK | |
r-release-linux-x86_64 | 1.16.0 | 9.74 | 94.71 | 104.45 | OK | |
r-release-macos-arm64 | 1.16.0 | 59.00 | OK | |||
r-release-macos-x86_64 | 1.16.0 | 128.00 | OK | |||
r-release-windows-x86_64 | 1.16.0 | 15.00 | 102.00 | 117.00 | OK | |
r-oldrel-macos-arm64 | 1.16.0 | 51.00 | OK | |||
r-oldrel-macos-x86_64 | 1.15.2 | 71.00 | OK | |||
r-oldrel-windows-x86_64 | 1.16.0 | 15.00 | 107.00 | 122.00 | OK |
Version: 1.16.0
Check: installed package size
Result: NOTE
installed size is 5.0Mb
sub-directories of 1Mb or more:
extdata 3.0Mb
Flavor: r-devel-linux-x86_64-fedora-clang