CRAN Package Check Results for Package csranks

Last updated on 2023-12-07 04:56:19 CET.

Flavor Version Tinstall Tcheck Ttotal Status Flags
r-devel-linux-x86_64-debian-clang 1.2.0 7.21 98.36 105.57 NOTE
r-devel-linux-x86_64-debian-gcc 1.2.0 5.86 73.37 79.23 NOTE
r-devel-linux-x86_64-fedora-clang 1.2.0 134.99 OK
r-devel-linux-x86_64-fedora-gcc 1.2.0 134.64 OK
r-devel-windows-x86_64 1.2.0 7.00 93.00 100.00 OK
r-patched-linux-x86_64 1.2.0 6.15 94.64 100.79 OK
r-release-linux-x86_64 1.2.0 5.10 92.27 97.37 OK
r-release-macos-arm64 1.2.0 46.00 OK
r-release-macos-x86_64 1.2.0 114.00 OK
r-release-windows-x86_64 1.2.0 10.00 110.00 120.00 OK
r-oldrel-macos-arm64 1.2.0 49.00 OK
r-oldrel-macos-x86_64 1.2.0 68.00 OK
r-oldrel-windows-x86_64 1.2.0 9.00 108.00 117.00 OK

Check Details

Version: 1.2.0
Check: Rd files
Result: NOTE checkRd: (-1) lmranks.Rd:62: Lost braces in \itemize; meant \describe ? checkRd: (-1) lmranks.Rd:63: Lost braces in \itemize; meant \describe ? Flavors: r-devel-linux-x86_64-debian-clang, r-devel-linux-x86_64-debian-gcc