Last updated on 2023-12-04 05:09:01 CET.
Flavor | Version | Tinstall | Tcheck | Ttotal | Status | Flags |
---|---|---|---|---|---|---|
r-devel-linux-x86_64-debian-clang | 1.2-2.1 | 6.12 | 71.45 | 77.57 | NOTE | |
r-devel-linux-x86_64-debian-gcc | 1.2-2.1 | 7.06 | 53.64 | 60.70 | NOTE | |
r-devel-linux-x86_64-fedora-clang | 1.2-2.1 | 98.62 | NOTE | |||
r-devel-linux-x86_64-fedora-gcc | 1.2-2.1 | 93.10 | NOTE | |||
r-devel-windows-x86_64 | 1.2-2.1 | 7.00 | 70.00 | 77.00 | NOTE | |
r-patched-linux-x86_64 | 1.2-2.1 | 8.32 | 68.76 | 77.08 | NOTE | |
r-release-linux-x86_64 | 1.2-2.1 | 8.76 | 68.07 | 76.83 | NOTE | |
r-release-macos-arm64 | 1.2-2.1 | 34.00 | NOTE | |||
r-release-macos-x86_64 | 1.2-2.1 | 51.00 | NOTE | |||
r-release-windows-x86_64 | 1.2-2.1 | 10.00 | 79.00 | 89.00 | NOTE | |
r-oldrel-macos-arm64 | 1.2-2.1 | 29.00 | NOTE | |||
r-oldrel-macos-x86_64 | 1.2-2.1 | 41.00 | NOTE | |||
r-oldrel-windows-x86_64 | 1.2-2.1 | 10.00 | 85.00 | 95.00 | NOTE |
Version: 1.2-2.1
Check: LazyData
Result: NOTE
'LazyData' is specified without a 'data' directory
Flavors: r-devel-linux-x86_64-debian-clang, r-devel-linux-x86_64-debian-gcc, r-devel-linux-x86_64-fedora-clang, r-devel-linux-x86_64-fedora-gcc, r-devel-windows-x86_64, r-patched-linux-x86_64, r-release-linux-x86_64, r-release-macos-arm64, r-release-macos-x86_64, r-release-windows-x86_64, r-oldrel-macos-arm64, r-oldrel-macos-x86_64, r-oldrel-windows-x86_64