Last updated on 2023-12-06 04:55:47 CET.
Flavor | Version | Tinstall | Tcheck | Ttotal | Status | Flags |
---|---|---|---|---|---|---|
r-devel-linux-x86_64-debian-clang | 1.1 | 38.23 | 276.41 | 314.64 | NOTE | |
r-devel-linux-x86_64-debian-gcc | 1.1 | 24.37 | 209.35 | 233.72 | NOTE | |
r-devel-linux-x86_64-fedora-clang | 1.1 | 415.43 | OK | |||
r-devel-linux-x86_64-fedora-gcc | 1.1 | 411.11 | OK | |||
r-devel-windows-x86_64 | 1.1 | 25.00 | 178.00 | 203.00 | OK | |
r-patched-linux-x86_64 | 1.1 | 31.65 | 266.11 | 297.76 | OK | |
r-release-linux-x86_64 | 1.1 | 27.93 | 267.73 | 295.66 | OK | |
r-release-macos-arm64 | 1.1 | 89.00 | OK | |||
r-release-macos-x86_64 | 1.1 | 165.00 | OK | |||
r-release-windows-x86_64 | 1.1 | 32.00 | 236.00 | 268.00 | OK | |
r-oldrel-macos-arm64 | 1.1 | 70.00 | OK | |||
r-oldrel-macos-x86_64 | 1.1 | 101.00 | OK | |||
r-oldrel-windows-x86_64 | 1.1 | 35.00 | 231.00 | 266.00 | OK |
Version: 1.1
Check: Rd files
Result: NOTE
checkRd: (-1) cruts-package.Rd:21: Lost braces
21 | section{Dependencies}{
| ^
checkRd: (-1) cruts-package.Rd:21-24: Lost braces
21 | section{Dependencies}{
| ^
checkRd: (-1) cruts-package.Rd:26: Lost braces
26 | section{Citation}{
| ^
checkRd: (-1) cruts-package.Rd:26-28: Lost braces
26 | section{Citation}{
| ^
checkRd: (-1) cruts-package.Rd:30-32: Lost braces
30 | references{
| ^
Flavors: r-devel-linux-x86_64-debian-clang, r-devel-linux-x86_64-debian-gcc