CRAN Package Check Results for Package cromwellDashboard

Last updated on 2023-12-06 04:55:47 CET.

Flavor Version Tinstall Tcheck Ttotal Status Flags
r-devel-linux-x86_64-debian-clang 0.5.1 3.56 36.21 39.77 NOTE
r-devel-linux-x86_64-debian-gcc 0.5.1 3.15 28.17 31.32 NOTE
r-devel-linux-x86_64-fedora-clang 0.5.1 49.87 NOTE
r-devel-linux-x86_64-fedora-gcc 0.5.1 47.54 NOTE
r-devel-windows-x86_64 0.5.1 5.00 48.00 53.00 NOTE
r-patched-linux-x86_64 0.5.1 3.18 35.27 38.45 NOTE
r-release-linux-x86_64 0.5.1 3.71 34.75 38.46 NOTE
r-release-macos-arm64 0.5.1 21.00 NOTE
r-release-macos-x86_64 0.5.1 30.00 NOTE
r-release-windows-x86_64 0.5.1 7.00 51.00 58.00 NOTE
r-oldrel-macos-arm64 0.5.1 18.00 NOTE
r-oldrel-macos-x86_64 0.5.1 30.00 NOTE
r-oldrel-windows-x86_64 0.5.1 6.00 55.00 61.00 NOTE

Check Details

Version: 0.5.1
Check: LazyData
Result: NOTE 'LazyData' is specified without a 'data' directory Flavors: r-devel-linux-x86_64-debian-clang, r-devel-linux-x86_64-debian-gcc, r-devel-linux-x86_64-fedora-clang, r-devel-linux-x86_64-fedora-gcc, r-devel-windows-x86_64, r-patched-linux-x86_64, r-release-linux-x86_64, r-release-macos-arm64, r-release-macos-x86_64, r-release-windows-x86_64, r-oldrel-macos-arm64, r-oldrel-macos-x86_64, r-oldrel-windows-x86_64