CRAN Package Check Results for Package crawl

Last updated on 2024-06-14 05:58:19 CEST.

Flavor Version Tinstall Tcheck Ttotal Status Flags
r-devel-linux-x86_64-debian-clang 2.3.0 165.37 67.80 233.17 NOTE
r-devel-linux-x86_64-debian-gcc 2.3.0 0.30 1.70 2.00 ERROR
r-devel-linux-x86_64-fedora-clang 2.3.0 324.00 NOTE
r-devel-linux-x86_64-fedora-gcc 2.3.0 325.15 NOTE
r-devel-windows-x86_64 2.3.0 120.00 105.00 225.00 NOTE --no-vignettes
r-patched-linux-x86_64 2.3.0 131.86 64.70 196.56 NOTE
r-release-linux-x86_64 2.3.0 124.48 64.35 188.83 NOTE
r-release-macos-arm64 2.3.0 64.00 NOTE
r-release-macos-x86_64 2.3.0 71.00 NOTE
r-release-windows-x86_64 2.3.0 121.00 119.00 240.00 NOTE --no-vignettes
r-oldrel-macos-arm64 2.3.0 77.00 NOTE
r-oldrel-macos-x86_64 2.3.0 125.00 NOTE
r-oldrel-windows-x86_64 2.3.0 148.00 108.00 256.00 OK --no-vignettes

Check Details

Version: 2.3.0
Check: Rd files
Result: NOTE checkRd: (-1) crwPredict.Rd:54-68: Lost braces 54 | \item("predTime"){ | ^ checkRd: (-1) crwPredict.Rd:59: Lost braces 59 | no longer the default (see \item{return.type}). If the original data were | ^ Flavors: r-devel-linux-x86_64-debian-clang, r-devel-linux-x86_64-fedora-clang, r-devel-linux-x86_64-fedora-gcc, r-patched-linux-x86_64, r-release-linux-x86_64, r-release-macos-arm64, r-release-macos-x86_64

Version: 2.3.0
Check: package dependencies
Result: ERROR Packages required but not available: 'dplyr', 'tibble', 'lubridate', 'purrr' See section ‘The DESCRIPTION file’ in the ‘Writing R Extensions’ manual. Flavor: r-devel-linux-x86_64-debian-gcc

Version: 2.3.0
Flags: --no-vignettes
Check: Rd files
Result: NOTE checkRd: (-1) crwPredict.Rd:54-68: Lost braces 54 | \item("predTime"){ | ^ checkRd: (-1) crwPredict.Rd:59: Lost braces 59 | no longer the default (see \item{return.type}). If the original data were | ^ Flavors: r-devel-windows-x86_64, r-release-windows-x86_64

Version: 2.3.0
Check: installed package size
Result: NOTE installed size is 6.0Mb sub-directories of 1Mb or more: libs 5.2Mb Flavors: r-release-macos-arm64, r-release-macos-x86_64, r-oldrel-macos-arm64, r-oldrel-macos-x86_64