Last updated on 2023-12-04 05:09:01 CET.
Flavor | Version | Tinstall | Tcheck | Ttotal | Status | Flags |
---|---|---|---|---|---|---|
r-devel-linux-x86_64-debian-clang | 0.0.3 | 79.63 | 73.96 | 153.59 | NOTE | |
r-devel-linux-x86_64-debian-gcc | 0.0.3 | 56.10 | 55.15 | 111.25 | NOTE | |
r-devel-linux-x86_64-fedora-clang | 0.0.3 | 211.86 | NOTE | |||
r-devel-linux-x86_64-fedora-gcc | 0.0.3 | 218.23 | NOTE | |||
r-devel-windows-x86_64 | 0.0.3 | 62.00 | 97.00 | 159.00 | NOTE | |
r-patched-linux-x86_64 | 0.0.3 | 57.17 | 70.33 | 127.50 | NOTE | |
r-release-linux-x86_64 | 0.0.3 | 65.72 | 70.65 | 136.37 | NOTE | |
r-release-macos-arm64 | 0.0.3 | 57.00 | NOTE | |||
r-release-macos-x86_64 | 0.0.3 | 84.00 | NOTE | |||
r-release-windows-x86_64 | 0.0.3 | 81.00 | 111.00 | 192.00 | NOTE | |
r-oldrel-macos-arm64 | 0.0.3 | 47.00 | OK | |||
r-oldrel-macos-x86_64 | 0.0.3 | 67.00 | OK | |||
r-oldrel-windows-x86_64 | 0.0.3 | 81.00 | 108.00 | 189.00 | OK |
Version: 0.0.3
Check: C++ specification
Result: NOTE
Specified C++11: please drop specification unless essential
Flavors: r-devel-linux-x86_64-debian-clang, r-devel-linux-x86_64-debian-gcc, r-devel-linux-x86_64-fedora-clang, r-devel-linux-x86_64-fedora-gcc, r-devel-windows-x86_64, r-patched-linux-x86_64, r-release-linux-x86_64, r-release-macos-arm64, r-release-macos-x86_64, r-release-windows-x86_64