Last updated on 2023-12-10 04:55:54 CET.
Flavor | Version | Tinstall | Tcheck | Ttotal | Status | Flags |
---|---|---|---|---|---|---|
r-devel-linux-x86_64-debian-clang | 1.13.4 | 10.68 | 67.39 | 78.07 | OK | |
r-devel-linux-x86_64-debian-gcc | 1.13.4 | 9.04 | 52.08 | 61.12 | OK | |
r-devel-linux-x86_64-fedora-clang | 1.13.4 | 97.98 | NOTE | |||
r-devel-linux-x86_64-fedora-gcc | 1.13.4 | 95.51 | OK | |||
r-devel-windows-x86_64 | 1.13.4 | 12.00 | 74.00 | 86.00 | OK | |
r-patched-linux-x86_64 | 1.13.4 | 12.75 | 68.12 | 80.87 | OK | |
r-release-linux-x86_64 | 1.13.4 | 10.35 | 66.50 | 76.85 | OK | |
r-release-macos-arm64 | 1.13.4 | 35.00 | OK | |||
r-release-macos-x86_64 | 1.13.4 | 56.00 | OK | |||
r-release-windows-x86_64 | 1.13.4 | 15.00 | 79.00 | 94.00 | OK | |
r-oldrel-macos-arm64 | 1.13.4 | 41.00 | OK | |||
r-oldrel-macos-x86_64 | 1.13.4 | 56.00 | OK | |||
r-oldrel-windows-x86_64 | 1.13.4 | 14.00 | 82.00 | 96.00 | OK |
Version: 1.13.4
Check: installed package size
Result: NOTE
installed size is 6.6Mb
sub-directories of 1Mb or more:
libs 6.4Mb
Flavor: r-devel-linux-x86_64-fedora-clang