Last updated on 2023-12-04 05:09:01 CET.
Flavor | Version | Tinstall | Tcheck | Ttotal | Status | Flags |
---|---|---|---|---|---|---|
r-devel-linux-x86_64-debian-clang | 0.3.3 | 17.17 | 189.28 | 206.45 | OK | |
r-devel-linux-x86_64-debian-gcc | 0.3.3 | 13.35 | 138.57 | 151.92 | OK | |
r-devel-linux-x86_64-fedora-clang | 0.3.3 | 253.80 | NOTE | |||
r-devel-linux-x86_64-fedora-gcc | 0.3.3 | 251.00 | NOTE | |||
r-devel-windows-x86_64 | 0.3.3 | 15.00 | 163.00 | 178.00 | OK | |
r-patched-linux-x86_64 | 0.3.3 | 21.71 | 178.91 | 200.62 | OK | |
r-release-linux-x86_64 | 0.3.3 | 11.96 | 177.06 | 189.02 | OK | |
r-release-macos-arm64 | 0.3.3 | 86.00 | OK | |||
r-release-macos-x86_64 | 0.3.3 | 122.00 | OK | |||
r-release-windows-x86_64 | 0.3.3 | 20.00 | 190.00 | 210.00 | OK | |
r-oldrel-macos-arm64 | 0.3.3 | 92.00 | NOTE | |||
r-oldrel-macos-x86_64 | 0.3.3 | 135.00 | NOTE | |||
r-oldrel-windows-x86_64 | 0.3.3 | 21.00 | 192.00 | 213.00 | OK |
Version: 0.3.3
Check: dependencies in R code
Result: NOTE
Namespace in Imports field not imported from: ‘mediation’
All declared Imports should be used.
Flavors: r-devel-linux-x86_64-fedora-clang, r-devel-linux-x86_64-fedora-gcc, r-oldrel-macos-arm64, r-oldrel-macos-x86_64