CRAN Package Check Results for Package covdepGE

Last updated on 2023-12-02 04:52:09 CET.

Flavor Version Tinstall Tcheck Ttotal Status Flags
r-devel-linux-x86_64-debian-clang 1.0.1 43.53 268.23 311.76 NOTE
r-devel-linux-x86_64-debian-gcc 1.0.1 31.83 213.46 245.29 NOTE
r-devel-linux-x86_64-fedora-clang 1.0.1 286.86 NOTE
r-devel-linux-x86_64-fedora-gcc 1.0.1 286.94 NOTE
r-devel-windows-x86_64 1.0.1 34.00 121.00 155.00 NOTE
r-patched-linux-x86_64 1.0.1 41.45 228.43 269.88 NOTE
r-release-linux-x86_64 1.0.1 38.17 226.47 264.64 NOTE
r-release-macos-arm64 1.0.1 65.00 NOTE
r-release-macos-x86_64 1.0.1 94.00 NOTE
r-release-windows-x86_64 1.0.1 48.00 139.00 187.00 NOTE
r-oldrel-macos-arm64 1.0.1 61.00 OK
r-oldrel-macos-x86_64 1.0.1 71.00 OK
r-oldrel-windows-x86_64 1.0.1 45.00 147.00 192.00 OK

Check Details

Version: 1.0.1
Check: C++ specification
Result: NOTE Specified C++11: please drop specification unless essential Flavors: r-devel-linux-x86_64-debian-clang, r-devel-linux-x86_64-debian-gcc, r-devel-linux-x86_64-fedora-clang, r-devel-linux-x86_64-fedora-gcc, r-devel-windows-x86_64, r-patched-linux-x86_64, r-release-linux-x86_64, r-release-macos-arm64, r-release-macos-x86_64, r-release-windows-x86_64