Last updated on 2023-12-10 04:55:54 CET.
Flavor | Version | Tinstall | Tcheck | Ttotal | Status | Flags |
---|---|---|---|---|---|---|
r-devel-linux-x86_64-debian-clang | 2.0.2 | 6.71 | 75.16 | 81.87 | NOTE | |
r-devel-linux-x86_64-debian-gcc | 2.0.2 | 5.72 | 54.95 | 60.67 | NOTE | |
r-devel-linux-x86_64-fedora-clang | 2.0.2 | 101.37 | NOTE | |||
r-devel-linux-x86_64-fedora-gcc | 2.0.2 | 105.97 | NOTE | |||
r-devel-windows-x86_64 | 2.0.2 | 8.00 | 89.00 | 97.00 | OK | |
r-patched-linux-x86_64 | 2.0.2 | 8.55 | 70.32 | 78.87 | OK | |
r-release-linux-x86_64 | 2.0.2 | 6.68 | 70.51 | 77.19 | OK | |
r-release-macos-arm64 | 2.0.2 | 39.00 | OK | |||
r-release-macos-x86_64 | 2.0.2 | 56.00 | OK | |||
r-release-windows-x86_64 | 2.0.2 | 12.00 | 95.00 | 107.00 | OK | |
r-oldrel-macos-arm64 | 2.0.2 | 34.00 | NOTE | |||
r-oldrel-macos-x86_64 | 2.0.2 | 42.00 | NOTE | |||
r-oldrel-windows-x86_64 | 2.0.2 | 10.00 | 91.00 | 101.00 | OK |
Version: 2.0.2
Check: Rd files
Result: NOTE
checkRd: (-1) AVT.Rd:9: Lost braces in \itemize; meant \describe ?
checkRd: (-1) AVT.Rd:10: Lost braces in \itemize; meant \describe ?
checkRd: (-1) AVT.Rd:11: Lost braces in \itemize; meant \describe ?
checkRd: (-1) AVT.Rd:12: Lost braces in \itemize; meant \describe ?
checkRd: (-1) AVT.Rd:13: Lost braces in \itemize; meant \describe ?
checkRd: (-1) AVT.Rd:14: Lost braces in \itemize; meant \describe ?
checkRd: (-1) AVT.Rd:15: Lost braces in \itemize; meant \describe ?
checkRd: (-1) COMURE.Rd:9: Lost braces in \itemize; meant \describe ?
checkRd: (-1) COMURE.Rd:10: Lost braces in \itemize; meant \describe ?
checkRd: (-1) COMURE.Rd:11: Lost braces in \itemize; meant \describe ?
checkRd: (-1) COMURE.Rd:12: Lost braces in \itemize; meant \describe ?
checkRd: (-1) COMURE.Rd:13: Lost braces in \itemize; meant \describe ?
checkRd: (-1) TSS.Rd:9: Lost braces in \itemize; meant \describe ?
checkRd: (-1) TSS.Rd:10: Lost braces in \itemize; meant \describe ?
checkRd: (-1) TSS.Rd:11: Lost braces in \itemize; meant \describe ?
checkRd: (-1) TSS.Rd:12-13: Lost braces in \itemize; meant \describe ?
checkRd: (-1) TSS.Rd:14: Lost braces in \itemize; meant \describe ?
checkRd: (-1) TSS.Rd:15: Lost braces in \itemize; meant \describe ?
checkRd: (-1) TSS.Rd:16: Lost braces in \itemize; meant \describe ?
checkRd: (-1) TSS.Rd:17: Lost braces in \itemize; meant \describe ?
checkRd: (-1) TSS.Rd:18: Lost braces in \itemize; meant \describe ?
checkRd: (-1) TSS.Rd:19: Lost braces in \itemize; meant \describe ?
checkRd: (-1) TSS.Rd:20: Lost braces in \itemize; meant \describe ?
checkRd: (-1) TSS.Rd:21: Lost braces in \itemize; meant \describe ?
checkRd: (-1) TSS.Rd:22-23: Lost braces in \itemize; meant \describe ?
checkRd: (-1) corregp-package.Rd:20: Lost braces in \itemize; meant \describe ?
checkRd: (-1) corregp-package.Rd:21: Lost braces in \itemize; meant \describe ?
checkRd: (-1) corregp-package.Rd:22: Lost braces in \itemize; meant \describe ?
checkRd: (-1) corregp-package.Rd:23: Lost braces in \itemize; meant \describe ?
checkRd: (-1) corregp-package.Rd:28: Lost braces in \itemize; meant \describe ?
checkRd: (-1) corregp-package.Rd:29: Lost braces in \itemize; meant \describe ?
checkRd: (-1) corregp-package.Rd:30: Lost braces in \itemize; meant \describe ?
checkRd: (-1) corregp-package.Rd:35: Lost braces in \itemize; meant \describe ?
checkRd: (-1) corregp-package.Rd:36: Lost braces in \itemize; meant \describe ?
checkRd: (-1) corregp-package.Rd:37: Lost braces in \itemize; meant \describe ?
checkRd: (-1) corregp-package.Rd:38: Lost braces in \itemize; meant \describe ?
checkRd: (-1) corregp-package.Rd:39: Lost braces in \itemize; meant \describe ?
checkRd: (-1) corregp-package.Rd:40: Lost braces in \itemize; meant \describe ?
checkRd: (-1) corregp-package.Rd:41: Lost braces in \itemize; meant \describe ?
checkRd: (-1) corregp-package.Rd:46: Lost braces in \itemize; meant \describe ?
checkRd: (-1) corregp-package.Rd:47: Lost braces in \itemize; meant \describe ?
checkRd: (-1) corregp-package.Rd:48: Lost braces in \itemize; meant \describe ?
checkRd: (-1) corregp-package.Rd:49: Lost braces in \itemize; meant \describe ?
checkRd: (-1) corregp-package.Rd:50: Lost braces in \itemize; meant \describe ?
checkRd: (-1) corregp-package.Rd:51: Lost braces in \itemize; meant \describe ?
checkRd: (-1) corregp-package.Rd:52: Lost braces in \itemize; meant \describe ?
checkRd: (-1) corregp-package.Rd:53: Lost braces in \itemize; meant \describe ?
checkRd: (-1) corregp-package.Rd:54: Lost braces in \itemize; meant \describe ?
checkRd: (-1) corregp-package.Rd:55: Lost braces in \itemize; meant \describe ?
checkRd: (-1) corregp-package.Rd:56: Lost braces in \itemize; meant \describe ?
checkRd: (-1) corregp-package.Rd:57: Lost braces in \itemize; meant \describe ?
checkRd: (-1) corregp-package.Rd:58: Lost braces in \itemize; meant \describe ?
checkRd: (-1) corregp-package.Rd:59: Lost braces in \itemize; meant \describe ?
checkRd: (-1) corregp-package.Rd:60: Lost braces in \itemize; meant \describe ?
checkRd: (-1) corregp-package.Rd:61: Lost braces in \itemize; meant \describe ?
checkRd: (-1) corregp-package.Rd:62: Lost braces in \itemize; meant \describe ?
checkRd: (-1) corregp-package.Rd:63: Lost braces in \itemize; meant \describe ?
checkRd: (-1) corregp-package.Rd:64: Lost braces in \itemize; meant \describe ?
checkRd: (-1) corregp-package.Rd:65: Lost braces in \itemize; meant \describe ?
checkRd: (-1) corregp-package.Rd:66: Lost braces in \itemize; meant \describe ?
checkRd: (-1) plot3d.corregp.Rd:52: Lost braces
52 | \item{fam_btm}{Font family of the bottom levels: can be \code{"serif"}, \code{"sans"}, \code{"mono"} or code{"symbol"}.}
| ^
Flavors: r-devel-linux-x86_64-debian-clang, r-devel-linux-x86_64-debian-gcc
Version: 2.0.2
Check: data for non-ASCII characters
Result: NOTE
Note: found 2 marked Latin-1 strings
Flavors: r-devel-linux-x86_64-fedora-clang, r-devel-linux-x86_64-fedora-gcc, r-oldrel-macos-arm64, r-oldrel-macos-x86_64