CRAN Package Check Results for Package conflr

Last updated on 2023-12-07 04:56:19 CET.

Flavor Version Tinstall Tcheck Ttotal Status Flags
r-devel-linux-x86_64-debian-clang 0.1.1 4.84 35.39 40.23 NOTE
r-devel-linux-x86_64-debian-gcc 0.1.1 3.07 27.97 31.04 NOTE
r-devel-linux-x86_64-fedora-clang 0.1.1 50.00 NOTE
r-devel-linux-x86_64-fedora-gcc 0.1.1 73.67 NOTE
r-devel-windows-x86_64 0.1.1 5.00 57.00 62.00 NOTE
r-patched-linux-x86_64 0.1.1 2.83 34.74 37.57 NOTE
r-release-linux-x86_64 0.1.1 3.69 34.68 38.37 NOTE
r-release-macos-arm64 0.1.1 48.00 NOTE
r-release-macos-x86_64 0.1.1 52.00 NOTE
r-release-windows-x86_64 0.1.1 7.00 58.00 65.00 NOTE
r-oldrel-macos-arm64 0.1.1 47.00 NOTE
r-oldrel-macos-x86_64 0.1.1 71.00 NOTE
r-oldrel-windows-x86_64 0.1.1 6.00 66.00 72.00 NOTE

Check Details

Version: 0.1.1
Check: LazyData
Result: NOTE 'LazyData' is specified without a 'data' directory Flavors: r-devel-linux-x86_64-debian-clang, r-devel-linux-x86_64-debian-gcc, r-devel-linux-x86_64-fedora-clang, r-devel-linux-x86_64-fedora-gcc, r-devel-windows-x86_64, r-patched-linux-x86_64, r-release-linux-x86_64, r-release-macos-arm64, r-release-macos-x86_64, r-release-windows-x86_64, r-oldrel-macos-arm64, r-oldrel-macos-x86_64, r-oldrel-windows-x86_64

Version: 0.1.1
Check: dependencies in R code
Result: NOTE Namespace in Imports field not imported from: ‘R6’ All declared Imports should be used. Flavors: r-devel-linux-x86_64-fedora-clang, r-devel-linux-x86_64-fedora-gcc, r-oldrel-macos-arm64, r-oldrel-macos-x86_64