Last updated on 2023-12-03 04:56:02 CET.
Flavor | Version | Tinstall | Tcheck | Ttotal | Status | Flags |
---|---|---|---|---|---|---|
r-devel-linux-x86_64-debian-clang | 1.8.3 | 20.10 | 181.10 | 201.20 | NOTE | |
r-devel-linux-x86_64-debian-gcc | 1.8.3 | 14.02 | 136.98 | 151.00 | NOTE | |
r-devel-linux-x86_64-fedora-clang | 1.8.3 | 245.54 | OK | |||
r-devel-linux-x86_64-fedora-gcc | 1.8.3 | 248.26 | OK | |||
r-devel-windows-x86_64 | 1.8.3 | 14.00 | 158.00 | 172.00 | OK | |
r-patched-linux-x86_64 | 1.8.3 | 11.89 | 178.73 | 190.62 | OK | |
r-release-linux-x86_64 | 1.8.3 | 15.60 | 177.80 | 193.40 | OK | |
r-release-macos-arm64 | 1.8.3 | 82.00 | OK | |||
r-release-macos-x86_64 | 1.8.3 | 206.00 | OK | |||
r-release-windows-x86_64 | 1.8.3 | 19.00 | 188.00 | 207.00 | OK | |
r-oldrel-macos-arm64 | 1.8.3 | 164.00 | OK | |||
r-oldrel-macos-x86_64 | 1.8.3 | 102.00 | OK | |||
r-oldrel-windows-x86_64 | 1.8.3 | 20.00 | 186.00 | 206.00 | OK |
Version: 1.8.3
Check: Rd files
Result: NOTE
checkRd: (-1) coversim.Rd:103: Lost braces; missing escapes or markup?
103 | \item{xlas}{numeric in {0, 1, 2, 3} specifying the style of axis labels (see \code{las} in \code{\link{par}},
| ^
checkRd: (-1) coversim.Rd:106: Lost braces; missing escapes or markup?
106 | \item{ylas}{numeric in {0, 1, 2, 3} specifying the style of axis labels (see \code{las} in \code{\link{par}},
| ^
checkRd: (-1) crplot.Rd:77: Lost braces; missing escapes or markup?
77 | \item{xlas}{numeric in {0, 1, 2, 3} specifying the style of axis labels (see \code{las} in \code{\link{par}}).}
| ^
checkRd: (-1) crplot.Rd:79: Lost braces; missing escapes or markup?
79 | \item{ylas}{numeric in {0, 1, 2, 3} specifying the style of axis labels (see \code{las} in \code{\link{par}}).}
| ^
Flavors: r-devel-linux-x86_64-debian-clang, r-devel-linux-x86_64-debian-gcc