CRAN Package Check Results for Package condusco

Last updated on 2023-12-03 04:56:02 CET.

Flavor Version Tinstall Tcheck Ttotal Status Flags
r-devel-linux-x86_64-debian-clang 0.1.0 7.15 77.03 84.18 NOTE
r-devel-linux-x86_64-debian-gcc 0.1.0 4.39 56.12 60.51 NOTE
r-devel-linux-x86_64-fedora-clang 0.1.0 101.07 NOTE
r-devel-linux-x86_64-fedora-gcc 0.1.0 110.32 NOTE
r-devel-windows-x86_64 0.1.0 7.00 74.00 81.00 NOTE
r-patched-linux-x86_64 0.1.0 7.00 72.26 79.26 NOTE
r-release-linux-x86_64 0.1.0 7.09 72.58 79.67 NOTE
r-release-macos-arm64 0.1.0 43.00 NOTE
r-release-macos-x86_64 0.1.0 63.00 NOTE
r-release-windows-x86_64 0.1.0 10.00 85.00 95.00 NOTE
r-oldrel-macos-arm64 0.1.0 24.00 NOTE
r-oldrel-macos-x86_64 0.1.0 46.00 NOTE
r-oldrel-windows-x86_64 0.1.0 9.00 90.00 99.00 NOTE

Check Details

Version: 0.1.0
Check: LazyData
Result: NOTE 'LazyData' is specified without a 'data' directory Flavors: r-devel-linux-x86_64-debian-clang, r-devel-linux-x86_64-debian-gcc, r-devel-linux-x86_64-fedora-clang, r-devel-linux-x86_64-fedora-gcc, r-devel-windows-x86_64, r-patched-linux-x86_64, r-release-linux-x86_64, r-release-macos-arm64, r-release-macos-x86_64, r-release-windows-x86_64, r-oldrel-macos-arm64, r-oldrel-macos-x86_64, r-oldrel-windows-x86_64