CRAN Package Check Results for Package condTruncMVN

Last updated on 2024-02-23 05:07:16 CET.

Flavor Version Tinstall Tcheck Ttotal Status Flags
r-devel-linux-x86_64-debian-clang 0.0.2 NOTE
r-devel-linux-x86_64-debian-gcc 0.0.2 6.06 59.63 65.69 NOTE
r-devel-linux-x86_64-fedora-clang 0.0.2 103.94 NOTE
r-devel-linux-x86_64-fedora-gcc 0.0.2 116.15 NOTE
r-devel-windows-x86_64 0.0.2 8.00 75.00 83.00 NOTE
r-patched-linux-x86_64 0.0.2 8.14 75.93 84.07 NOTE
r-release-linux-x86_64 0.0.2 8.57 76.33 84.90 NOTE
r-release-macos-arm64 0.0.2 43.00 NOTE
r-release-macos-x86_64 0.0.2 67.00 NOTE
r-release-windows-x86_64 0.0.2 10.00 86.00 96.00 NOTE
r-oldrel-macos-arm64 0.0.2 42.00 NOTE
r-oldrel-windows-x86_64 0.0.2 10.00 89.00 99.00 NOTE

Check Details

Version: 0.0.2
Check: package subdirectories
Result: NOTE Problems with news in ‘NEWS.md’: No news entries found. Flavors: r-devel-linux-x86_64-debian-clang, r-devel-linux-x86_64-debian-gcc, r-devel-linux-x86_64-fedora-clang, r-devel-linux-x86_64-fedora-gcc, r-devel-windows-x86_64, r-patched-linux-x86_64, r-release-linux-x86_64, r-release-macos-arm64, r-release-macos-x86_64, r-release-windows-x86_64

Version: 0.0.2
Check: LazyData
Result: NOTE 'LazyData' is specified without a 'data' directory Flavors: r-devel-linux-x86_64-debian-clang, r-devel-linux-x86_64-debian-gcc, r-devel-linux-x86_64-fedora-clang, r-devel-linux-x86_64-fedora-gcc, r-devel-windows-x86_64, r-patched-linux-x86_64, r-release-linux-x86_64, r-release-macos-arm64, r-release-macos-x86_64, r-release-windows-x86_64, r-oldrel-macos-arm64, r-oldrel-windows-x86_64

Version: 0.0.2
Check: Rd cross-references
Result: NOTE Undeclared package ‘mvtnorm’ in Rd xrefs Flavor: r-devel-linux-x86_64-fedora-clang