CRAN Package Check Results for Package cond

Last updated on 2023-10-01 05:53:08 CEST.

Flavor Version Tinstall Tcheck Ttotal Status Flags
r-devel-linux-x86_64-debian-clang 1.2-3.1 10.01 91.58 101.59 NOTE
r-devel-linux-x86_64-debian-gcc 1.2-3.1 8.34 71.26 79.60 NOTE
r-devel-linux-x86_64-fedora-clang 1.2-3.1 125.26 NOTE
r-devel-linux-x86_64-fedora-gcc 1.2-3.1 141.62 NOTE
r-devel-windows-x86_64 1.2-3.1 8.00 102.00 110.00 NOTE
r-patched-linux-x86_64 1.2-3.1 10.13 90.15 100.28 NOTE
r-release-linux-x86_64 1.2-3.1 9.22 90.54 99.76 NOTE
r-release-macos-arm64 1.2-3.1 47.00 NOTE
r-release-macos-x86_64 1.2-3.1 79.00 NOTE
r-release-windows-x86_64 1.2-3.1 11.00 110.00 121.00 NOTE
r-oldrel-macos-arm64 1.2-3.1 42.00 OK
r-oldrel-macos-x86_64 1.2-3.1 55.00 OK
r-oldrel-windows-x86_64 1.2-3.1 11.00 110.00 121.00 OK

Check Details

Version: 1.2-3.1
Check: Rd files
Result: NOTE
    checkRd: (-1) babies.Rd:35: Escaped LaTeX specials: \&
Flavors: r-devel-linux-x86_64-debian-clang, r-devel-linux-x86_64-debian-gcc, r-devel-linux-x86_64-fedora-clang, r-devel-linux-x86_64-fedora-gcc, r-devel-windows-x86_64, r-patched-linux-x86_64, r-release-linux-x86_64, r-release-macos-arm64, r-release-macos-x86_64, r-release-windows-x86_64