CRAN Package Check Results for Package concstats

Last updated on 2024-02-25 04:51:02 CET.

Flavor Version Tinstall Tcheck Ttotal Status Flags
r-devel-linux-x86_64-debian-clang 0.1.6 3.68 41.38 45.06 NOTE
r-devel-linux-x86_64-debian-gcc 0.1.6 2.07 32.61 34.68 NOTE
r-devel-linux-x86_64-fedora-clang 0.1.6 56.94 OK
r-devel-linux-x86_64-fedora-gcc 0.1.6 66.66 OK
r-devel-windows-x86_64 0.1.6 4.00 63.00 67.00 OK
r-patched-linux-x86_64 0.1.6 4.41 41.76 46.17 OK
r-release-linux-x86_64 0.1.6 3.74 41.55 45.29 OK
r-release-macos-arm64 0.1.6 29.00 OK
r-release-macos-x86_64 0.1.6 44.00 OK
r-release-windows-x86_64 0.1.6 5.00 66.00 71.00 OK
r-oldrel-macos-arm64 0.1.6 24.00 OK
r-oldrel-windows-x86_64 0.1.6 6.00 68.00 74.00 OK

Check Details

Version: 0.1.6
Check: Rd files
Result: NOTE checkRd: (-1) concstats_hhi.Rd:13: Lost braces; missing escapes or markup? 13 | value is required. Ranges from {0, 1} and often used for comparison over | ^ Flavors: r-devel-linux-x86_64-debian-clang, r-devel-linux-x86_64-debian-gcc