Last updated on 2023-12-09 04:50:47 CET.
Flavor | Version | Tinstall | Tcheck | Ttotal | Status | Flags |
---|---|---|---|---|---|---|
r-devel-linux-x86_64-debian-clang | 2.0.0 | 11.73 | 69.16 | 80.89 | OK | |
r-devel-linux-x86_64-debian-gcc | 2.0.0 | 11.03 | 52.85 | 63.88 | OK | |
r-devel-linux-x86_64-fedora-clang | 2.0.0 | 102.08 | NOTE | |||
r-devel-linux-x86_64-fedora-gcc | 2.0.0 | 98.61 | NOTE | |||
r-devel-windows-x86_64 | 2.0.0 | 15.00 | 91.00 | 106.00 | OK | |
r-patched-linux-x86_64 | 2.0.0 | 14.12 | 66.28 | 80.40 | OK | |
r-release-linux-x86_64 | 2.0.0 | 11.87 | 65.42 | 77.29 | OK | |
r-release-macos-arm64 | 2.0.0 | 35.00 | OK | |||
r-release-macos-x86_64 | 2.0.0 | 55.00 | OK | |||
r-release-windows-x86_64 | 2.0.0 | 18.00 | 93.00 | 111.00 | OK | |
r-oldrel-macos-arm64 | 2.0.0 | 33.00 | NOTE | |||
r-oldrel-macos-x86_64 | 2.0.0 | 69.00 | NOTE | |||
r-oldrel-windows-x86_64 | 2.0.0 | 17.00 | 85.00 | 102.00 | OK |
Version: 2.0.0
Check: data for non-ASCII characters
Result: NOTE
Note: found 92 marked UTF-8 strings
Flavors: r-devel-linux-x86_64-fedora-clang, r-devel-linux-x86_64-fedora-gcc, r-oldrel-macos-arm64, r-oldrel-macos-x86_64