Last updated on 2023-12-09 04:50:47 CET.
Flavor | Version | Tinstall | Tcheck | Ttotal | Status | Flags |
---|---|---|---|---|---|---|
r-devel-linux-x86_64-debian-clang | 1.0.0 | 24.27 | 37.36 | 61.63 | NOTE | |
r-devel-linux-x86_64-debian-gcc | 1.0.0 | 18.26 | 30.07 | 48.33 | NOTE | |
r-devel-linux-x86_64-fedora-clang | 1.0.0 | 87.97 | NOTE | |||
r-devel-linux-x86_64-fedora-gcc | 1.0.0 | 84.78 | NOTE | |||
r-devel-windows-x86_64 | 1.0.0 | 22.00 | 68.00 | 90.00 | NOTE | |
r-patched-linux-x86_64 | 1.0.0 | 21.10 | 38.12 | 59.22 | NOTE | |
r-release-linux-x86_64 | 1.0.0 | 23.78 | 37.56 | 61.34 | NOTE | |
r-release-macos-arm64 | 1.0.0 | 30.00 | NOTE | |||
r-release-macos-x86_64 | 1.0.0 | 41.00 | NOTE | |||
r-release-windows-x86_64 | 1.0.0 | 27.00 | 74.00 | 101.00 | NOTE | |
r-oldrel-macos-arm64 | 1.0.0 | 27.00 | OK | |||
r-oldrel-macos-x86_64 | 1.0.0 | 38.00 | OK | |||
r-oldrel-windows-x86_64 | 1.0.0 | 29.00 | 75.00 | 104.00 | OK |
Version: 1.0.0
Check: C++ specification
Result: NOTE
Specified C++11: please drop specification unless essential
Flavors: r-devel-linux-x86_64-debian-clang, r-devel-linux-x86_64-debian-gcc, r-devel-linux-x86_64-fedora-clang, r-devel-linux-x86_64-fedora-gcc, r-devel-windows-x86_64, r-patched-linux-x86_64, r-release-linux-x86_64, r-release-macos-arm64, r-release-macos-x86_64, r-release-windows-x86_64