CRAN Package Check Results for Package communication

Last updated on 2024-02-29 04:54:11 CET.

Flavor Version Tinstall Tcheck Ttotal Status Flags
r-devel-linux-x86_64-debian-clang 0.1 72.25 64.07 136.32 NOTE
r-devel-linux-x86_64-debian-gcc 0.1 56.00 48.42 104.42 NOTE
r-devel-linux-x86_64-fedora-clang 0.1 183.73 NOTE
r-devel-linux-x86_64-fedora-gcc 0.1 212.01 NOTE
r-devel-windows-x86_64 0.1 54.00 95.00 149.00 NOTE
r-patched-linux-x86_64 0.1 76.71 62.56 139.27 NOTE
r-release-linux-x86_64 0.1 66.12 63.32 129.44 NOTE
r-release-macos-arm64 0.1 58.00 NOTE
r-release-macos-x86_64 0.1 90.00 NOTE
r-release-windows-x86_64 0.1 73.00 101.00 174.00 NOTE
r-oldrel-macos-arm64 0.1 50.00 NOTE
r-oldrel-windows-x86_64 0.1 67.00 100.00 167.00 OK

Check Details

Version: 0.1
Check: C++ specification
Result: NOTE Specified C++11: please drop specification unless essential Flavors: r-devel-linux-x86_64-debian-clang, r-devel-linux-x86_64-debian-gcc, r-devel-linux-x86_64-fedora-clang, r-devel-linux-x86_64-fedora-gcc, r-devel-windows-x86_64, r-patched-linux-x86_64, r-release-linux-x86_64, r-release-macos-arm64, r-release-macos-x86_64, r-release-windows-x86_64

Version: 0.1
Check: Rd files
Result: NOTE checkRd: (-1) hmm.Rd:47-55: Lost braces in \itemize; meant \describe ? checkRd: (-1) hmm.Rd:56-62: Lost braces in \itemize; meant \describe ? checkRd: (-1) hmm.Rd:63-70: Lost braces in \itemize; meant \describe ? checkRd: (-1) hmm.Rd:71-74: Lost braces in \itemize; meant \describe ? checkRd: (-1) hmm.Rd:75-78: Lost braces in \itemize; meant \describe ? checkRd: (-1) hmm.Rd:79-84: Lost braces in \itemize; meant \describe ? checkRd: (-1) hmm.Rd:85-89: Lost braces in \itemize; meant \describe ? checkRd: (-1) hmm.Rd:95-103: Lost braces in \itemize; meant \describe ? checkRd: (-1) hmm.Rd:104-107: Lost braces in \itemize; meant \describe ? checkRd: (-1) hmm.Rd:108-111: Lost braces in \itemize; meant \describe ? checkRd: (-1) hmm.Rd:112-118: Lost braces in \itemize; meant \describe ? checkRd: (-1) hmm.Rd:119-129: Lost braces in \itemize; meant \describe ? checkRd: (-1) hmm.Rd:130-133: Lost braces in \itemize; meant \describe ? Flavors: r-devel-linux-x86_64-debian-clang, r-devel-linux-x86_64-debian-gcc, r-devel-linux-x86_64-fedora-clang, r-devel-linux-x86_64-fedora-gcc

Version: 0.1
Check: dependencies in R code
Result: NOTE Namespaces in Imports field not imported from: ‘GGally’ ‘RColorBrewer’ ‘abind’ ‘diagram’ ‘ggplot2’ ‘grid’ ‘gtable’ ‘igraph’ ‘magrittr’ ‘plyr’ ‘purrr’ ‘reshape2’ ‘scales’ ‘useful’ All declared Imports should be used. Flavors: r-devel-linux-x86_64-fedora-clang, r-devel-linux-x86_64-fedora-gcc, r-oldrel-macos-arm64

Version: 0.1
Check: installed package size
Result: NOTE installed size is 5.3Mb sub-directories of 1Mb or more: libs 4.8Mb Flavors: r-release-macos-arm64, r-release-macos-x86_64, r-oldrel-macos-arm64