Last updated on 2023-12-07 04:56:19 CET.
Flavor | Version | Tinstall | Tcheck | Ttotal | Status | Flags |
---|---|---|---|---|---|---|
r-devel-linux-x86_64-debian-clang | 0.1.0 | 5.00 | 48.43 | 53.43 | NOTE | |
r-devel-linux-x86_64-debian-gcc | 0.1.0 | 4.44 | 35.80 | 40.24 | NOTE | |
r-devel-linux-x86_64-fedora-clang | 0.1.0 | 68.15 | NOTE | |||
r-devel-linux-x86_64-fedora-gcc | 0.1.0 | 62.27 | NOTE | |||
r-devel-windows-x86_64 | 0.1.0 | 6.00 | 55.00 | 61.00 | NOTE | |
r-patched-linux-x86_64 | 0.1.0 | 3.96 | 44.28 | 48.24 | NOTE | |
r-release-linux-x86_64 | 0.1.0 | 6.82 | 44.43 | 51.25 | NOTE | |
r-release-macos-arm64 | 0.1.0 | 23.00 | NOTE | |||
r-release-macos-x86_64 | 0.1.0 | 35.00 | NOTE | |||
r-release-windows-x86_64 | 0.1.0 | 9.00 | 59.00 | 68.00 | NOTE | |
r-oldrel-macos-arm64 | 0.1.0 | 22.00 | NOTE | |||
r-oldrel-macos-x86_64 | 0.1.0 | 43.00 | NOTE | |||
r-oldrel-windows-x86_64 | 0.1.0 | 8.00 | 64.00 | 72.00 | NOTE |
Version: 0.1.0
Check: LazyData
Result: NOTE
'LazyData' is specified without a 'data' directory
Flavors: r-devel-linux-x86_64-debian-clang, r-devel-linux-x86_64-debian-gcc, r-devel-linux-x86_64-fedora-clang, r-devel-linux-x86_64-fedora-gcc, r-devel-windows-x86_64, r-patched-linux-x86_64, r-release-linux-x86_64, r-release-macos-arm64, r-release-macos-x86_64, r-release-windows-x86_64, r-oldrel-macos-arm64, r-oldrel-macos-x86_64, r-oldrel-windows-x86_64