Last updated on 2023-12-04 05:09:00 CET.
Flavor | Version | Tinstall | Tcheck | Ttotal | Status | Flags |
---|---|---|---|---|---|---|
r-devel-linux-x86_64-debian-clang | 0.1.6 | 5.90 | 58.37 | 64.27 | NOTE | |
r-devel-linux-x86_64-debian-gcc | 0.1.6 | 4.51 | 43.41 | 47.92 | NOTE | |
r-devel-linux-x86_64-fedora-clang | 0.1.6 | 78.82 | OK | |||
r-devel-linux-x86_64-fedora-gcc | 0.1.6 | 75.52 | OK | |||
r-devel-windows-x86_64 | 0.1.6 | 7.00 | 65.00 | 72.00 | OK | |
r-patched-linux-x86_64 | 0.1.6 | 3.80 | 55.69 | 59.49 | OK | |
r-release-linux-x86_64 | 0.1.6 | 3.98 | 54.44 | 58.42 | OK | |
r-release-macos-arm64 | 0.1.6 | 29.00 | OK | |||
r-release-macos-x86_64 | 0.1.6 | 43.00 | OK | |||
r-release-windows-x86_64 | 0.1.6 | 7.00 | 70.00 | 77.00 | OK | |
r-oldrel-macos-arm64 | 0.1.6 | 23.00 | OK | |||
r-oldrel-macos-x86_64 | 0.1.6 | 40.00 | OK | |||
r-oldrel-windows-x86_64 | 0.1.6 | 9.00 | 74.00 | 83.00 | OK |
Version: 0.1.6
Check: Rd files
Result: NOTE
checkRd: (-1) cb_add_col_attributes.Rd:41-51: Lost braces in \itemize; meant \describe ?
checkRd: (-1) cb_add_col_attributes.Rd:52-61: Lost braces in \itemize; meant \describe ?
checkRd: (-1) cb_add_col_attributes.Rd:62-95: Lost braces in \itemize; meant \describe ?
checkRd: (-1) cb_add_col_attributes.Rd:96-131: Lost braces in \itemize; meant \describe ?
checkRd: (-1) cb_add_col_attributes.Rd:132-141: Lost braces in \itemize; meant \describe ?
Flavors: r-devel-linux-x86_64-debian-clang, r-devel-linux-x86_64-debian-gcc