Last updated on 2023-12-06 04:55:46 CET.
Flavor | Version | Tinstall | Tcheck | Ttotal | Status | Flags |
---|---|---|---|---|---|---|
r-devel-linux-x86_64-debian-clang | 0.9.2 | 9.81 | 75.77 | 85.58 | NOTE | |
r-devel-linux-x86_64-debian-gcc | 0.9.2 | 7.73 | 57.92 | 65.65 | NOTE | |
r-devel-linux-x86_64-fedora-clang | 0.9.2 | 104.17 | NOTE | |||
r-devel-linux-x86_64-fedora-gcc | 0.9.2 | 100.38 | NOTE | |||
r-devel-windows-x86_64 | 0.9.2 | 10.00 | 74.00 | 84.00 | NOTE | |
r-patched-linux-x86_64 | 0.9.2 | 8.69 | 73.98 | 82.67 | NOTE | |
r-release-linux-x86_64 | 0.9.2 | 8.98 | 74.75 | 83.73 | NOTE | |
r-release-macos-arm64 | 0.9.2 | 36.00 | NOTE | |||
r-release-macos-x86_64 | 0.9.2 | 60.00 | NOTE | |||
r-release-windows-x86_64 | 0.9.2 | 13.00 | 86.00 | 99.00 | NOTE | |
r-oldrel-macos-arm64 | 0.9.2 | 55.00 | OK | |||
r-oldrel-macos-x86_64 | 0.9.2 | 46.00 | OK | |||
r-oldrel-windows-x86_64 | 0.9.2 | 12.00 | 89.00 | 101.00 | OK |
Version: 0.9.2
Check: Rd files
Result: NOTE
checkRd: (-1) plot.predict.crrQR.Rd:18: Escaped LaTeX specials: \#
checkRd: (-1) plot.predict.crrQR.Rd:22: Escaped LaTeX specials: \#
Flavors: r-devel-linux-x86_64-debian-clang, r-devel-linux-x86_64-debian-gcc, r-devel-linux-x86_64-fedora-clang, r-devel-linux-x86_64-fedora-gcc, r-devel-windows-x86_64, r-patched-linux-x86_64, r-release-linux-x86_64, r-release-macos-arm64, r-release-macos-x86_64, r-release-windows-x86_64