Last updated on 2023-12-07 04:56:18 CET.
Flavor | Version | Tinstall | Tcheck | Ttotal | Status | Flags |
---|---|---|---|---|---|---|
r-devel-linux-x86_64-debian-clang | 2.2-11 | 11.94 | 70.36 | 82.30 | NOTE | |
r-devel-linux-x86_64-debian-gcc | 2.2-11 | 8.69 | 53.98 | 62.67 | NOTE | |
r-devel-linux-x86_64-fedora-clang | 2.2-11 | 100.43 | NOTE | |||
r-devel-linux-x86_64-fedora-gcc | 2.2-11 | 97.06 | NOTE | |||
r-devel-windows-x86_64 | 2.2-11 | 11.00 | 73.00 | 84.00 | NOTE | |
r-patched-linux-x86_64 | 2.2-11 | 8.83 | 68.56 | 77.39 | NOTE | |
r-release-linux-x86_64 | 2.2-11 | 9.51 | 69.50 | 79.01 | NOTE | |
r-release-macos-arm64 | 2.2-11 | 43.00 | NOTE | |||
r-release-macos-x86_64 | 2.2-11 | 55.00 | NOTE | |||
r-release-windows-x86_64 | 2.2-11 | 14.00 | 82.00 | 96.00 | NOTE | |
r-oldrel-macos-arm64 | 2.2-11 | 40.00 | OK | |||
r-oldrel-macos-x86_64 | 2.2-11 | 46.00 | OK | |||
r-oldrel-windows-x86_64 | 2.2-11 | 14.00 | 84.00 | 98.00 | OK |
Version: 2.2-11
Check: Rd files
Result: NOTE
checkRd: (-1) plot.predict.crr.Rd:18: Escaped LaTeX specials: \#
checkRd: (-1) plot.predict.crr.Rd:22: Escaped LaTeX specials: \#
Flavors: r-devel-linux-x86_64-debian-clang, r-devel-linux-x86_64-debian-gcc, r-devel-linux-x86_64-fedora-clang, r-devel-linux-x86_64-fedora-gcc, r-devel-windows-x86_64, r-patched-linux-x86_64, r-release-linux-x86_64, r-release-macos-arm64, r-release-macos-x86_64, r-release-windows-x86_64
Version: 2.2-11
Check: compiled code
Result: NOTE
File ‘cmprsk/libs/cmprsk.so’:
Found no calls to: ‘R_registerRoutines’, ‘R_useDynamicSymbols’
It is good practice to register native routines and to disable symbol
search.
See ‘Writing portable packages’ in the ‘Writing R Extensions’ manual.
Flavors: r-devel-linux-x86_64-fedora-clang, r-devel-linux-x86_64-fedora-gcc