Last updated on 2023-12-02 04:52:08 CET.
Flavor | Version | Tinstall | Tcheck | Ttotal | Status | Flags |
---|---|---|---|---|---|---|
r-devel-linux-x86_64-debian-clang | 2.1.5 | 11.79 | 140.55 | 152.34 | OK | |
r-devel-linux-x86_64-debian-gcc | 2.1.5 | 8.51 | 104.96 | 113.47 | OK | |
r-devel-linux-x86_64-fedora-clang | 2.1.5 | 191.39 | OK | |||
r-devel-linux-x86_64-fedora-gcc | 2.1.5 | 189.38 | OK | |||
r-devel-windows-x86_64 | 2.1.5 | 21.00 | 123.00 | 144.00 | OK | |
r-patched-linux-x86_64 | 2.1.5 | 14.41 | 139.20 | 153.61 | OK | |
r-release-linux-x86_64 | 2.1.4 | 12.64 | 138.76 | 151.40 | OK | |
r-release-macos-arm64 | 2.1.5 | 69.00 | OK | |||
r-release-macos-x86_64 | 2.1.4 | 108.00 | NOTE | |||
r-release-windows-x86_64 | 2.1.5 | 21.00 | 162.00 | 183.00 | OK | |
r-oldrel-macos-arm64 | 2.1.5 | 74.00 | OK | |||
r-oldrel-macos-x86_64 | 2.1.4 | 108.00 | OK | |||
r-oldrel-windows-x86_64 | 2.1.6 | 22.00 | 158.00 | 180.00 | OK |
Version: 2.1.4
Check: Rd cross-references
Result: NOTE
Packages unavailable to check Rd xrefs: ‘mvoutlier’, ‘fpc’, ‘ellipse’
Flavor: r-release-macos-x86_64