CRAN Package Check Results for Package clinDR

Last updated on 2024-02-24 04:58:38 CET.

Flavor Version Tinstall Tcheck Ttotal Status Flags
r-devel-linux-x86_64-debian-clang 2.4.1 34.94 194.24 229.18 OK
r-devel-linux-x86_64-debian-gcc 2.4.1 28.41 140.24 168.65 OK
r-devel-linux-x86_64-fedora-clang 2.4.1 280.32 OK
r-devel-linux-x86_64-fedora-gcc 2.4.1 266.82 OK
r-devel-windows-x86_64 2.4.1 25.00 151.00 176.00 OK
r-patched-linux-x86_64 2.4.1 41.91 184.29 226.20 OK
r-release-linux-x86_64 2.4.1 27.69 187.34 215.03 OK
r-release-macos-arm64 2.4.1 56.00 OK
r-release-macos-x86_64 2.4.1 115.00 OK
r-release-windows-x86_64 2.4.1 31.00 189.00 220.00 OK
r-oldrel-macos-arm64 2.4.1 48.00 OK
r-oldrel-windows-x86_64 2.4.1 30.00 186.00 216.00 NOTE

Check Details

Version: 2.4.1
Check: HTML version of manual
Result: NOTE Found the following problems: fitEmaxB.Rd:191:38: Warning: nested emphasis <code> Flavor: r-oldrel-windows-x86_64