CRAN Package Check Results for Package cliapp

Last updated on 2024-04-23 05:58:07 CEST.

Flavor Version Tinstall Tcheck Ttotal Status Flags
r-devel-linux-x86_64-debian-clang 0.1.1 6.77 188.18 194.95 NOTE
r-devel-linux-x86_64-debian-gcc 0.1.1 3.96 136.87 140.83 NOTE
r-devel-linux-x86_64-fedora-clang 0.1.1 243.73 NOTE
r-devel-linux-x86_64-fedora-gcc 0.1.1 248.60 NOTE
r-prerel-macos-arm64 0.1.1 54.00 NOTE
r-prerel-windows-x86_64 0.1.1 7.00 123.00 130.00 NOTE
r-patched-linux-x86_64 0.1.1 7.24 175.91 183.15 NOTE
r-release-linux-x86_64 0.1.1 5.70 181.24 186.94 NOTE
r-release-macos-arm64 0.1.1 66.00 NOTE
r-release-macos-x86_64 0.1.1 110.00 NOTE
r-release-windows-x86_64 0.1.1 9.00 157.00 166.00 NOTE
r-oldrel-macos-arm64 0.1.1 48.00 NOTE
r-oldrel-windows-x86_64 0.1.1 8.00 149.00 157.00 NOTE

Check Details

Version: 0.1.1
Check: LazyData
Result: NOTE 'LazyData' is specified without a 'data' directory Flavors: r-devel-linux-x86_64-debian-clang, r-devel-linux-x86_64-debian-gcc, r-devel-linux-x86_64-fedora-clang, r-devel-linux-x86_64-fedora-gcc, r-prerel-macos-arm64, r-prerel-windows-x86_64, r-patched-linux-x86_64, r-release-linux-x86_64, r-release-macos-arm64, r-release-macos-x86_64, r-release-windows-x86_64, r-oldrel-macos-arm64, r-oldrel-windows-x86_64