Last updated on 2023-11-30 04:52:46 CET.
Flavor | Version | Tinstall | Tcheck | Ttotal | Status | Flags |
---|---|---|---|---|---|---|
r-devel-linux-x86_64-debian-clang | 1.1.2 | 9.99 | 81.17 | 91.16 | NOTE | |
r-devel-linux-x86_64-debian-gcc | 1.1.2 | 7.58 | 61.20 | 68.78 | NOTE | |
r-devel-linux-x86_64-fedora-clang | 1.1.2 | 112.17 | NOTE | |||
r-devel-linux-x86_64-fedora-gcc | 1.1.2 | 108.83 | NOTE | |||
r-devel-windows-x86_64 | 1.1.2 | 10.00 | 78.00 | 88.00 | NOTE | |
r-patched-linux-x86_64 | 1.1.2 | 8.02 | 79.67 | 87.69 | NOTE | |
r-release-linux-x86_64 | 1.1.2 | 7.75 | 78.44 | 86.19 | NOTE | |
r-release-macos-arm64 | 1.1.2 | 40.00 | NOTE | |||
r-release-macos-x86_64 | 1.1.2 | 59.00 | NOTE | |||
r-release-windows-x86_64 | 1.1.2 | 12.00 | 90.00 | 102.00 | NOTE | |
r-oldrel-macos-arm64 | 1.1.2 | 36.00 | NOTE | |||
r-oldrel-macos-x86_64 | 1.1.2 | 58.00 | NOTE | |||
r-oldrel-windows-x86_64 | 1.1.2 | 13.00 | 94.00 | 107.00 | NOTE |
Version: 1.1.2
Check: LazyData
Result: NOTE
'LazyData' is specified without a 'data' directory
Flavors: r-devel-linux-x86_64-debian-clang, r-devel-linux-x86_64-debian-gcc, r-devel-linux-x86_64-fedora-clang, r-devel-linux-x86_64-fedora-gcc, r-devel-windows-x86_64, r-patched-linux-x86_64, r-release-linux-x86_64, r-release-macos-arm64, r-release-macos-x86_64, r-release-windows-x86_64, r-oldrel-macos-arm64, r-oldrel-macos-x86_64, r-oldrel-windows-x86_64