CRAN Package Check Results for Package cld2

Last updated on 2024-02-27 04:50:33 CET.

Flavor Version Tinstall Tcheck Ttotal Status Flags
r-devel-linux-x86_64-debian-clang 1.2.4 37.88 29.49 67.37 NOTE
r-devel-linux-x86_64-debian-gcc 1.2.4 30.38 22.97 53.35 NOTE
r-devel-linux-x86_64-fedora-clang 1.2.4 106.35 NOTE
r-devel-linux-x86_64-fedora-gcc 1.2.4 91.56 NOTE
r-devel-windows-x86_64 1.2.4 31.00 67.00 98.00 NOTE
r-patched-linux-x86_64 1.2.4 38.97 29.25 68.22 NOTE
r-release-linux-x86_64 1.2.4 39.14 28.69 67.83 NOTE
r-release-macos-arm64 1.2.4 28.00 NOTE
r-release-macos-x86_64 1.2.4 45.00 NOTE
r-release-windows-x86_64 1.2.4 33.00 71.00 104.00 NOTE
r-oldrel-macos-arm64 1.2.4 29.00 OK
r-oldrel-windows-x86_64 1.2.4 43.00 72.00 115.00 OK

Check Details

Version: 1.2.4
Check: C++ specification
Result: NOTE Specified C++11: please drop specification unless essential Flavors: r-devel-linux-x86_64-debian-clang, r-devel-linux-x86_64-debian-gcc, r-devel-linux-x86_64-fedora-clang, r-devel-linux-x86_64-fedora-gcc, r-devel-windows-x86_64, r-patched-linux-x86_64, r-release-linux-x86_64, r-release-macos-arm64, r-release-macos-x86_64, r-release-windows-x86_64