CRAN Package Check Results for Package classmap

Last updated on 2024-02-29 04:54:10 CET.

Flavor Version Tinstall Tcheck Ttotal Status Flags
r-devel-linux-x86_64-debian-clang 1.2.3 13.56 138.90 152.46 NOTE
r-devel-linux-x86_64-debian-gcc 1.2.3 12.10 103.16 115.26 NOTE
r-devel-linux-x86_64-fedora-clang 1.2.3 194.31 NOTE
r-devel-linux-x86_64-fedora-gcc 1.2.3 907.84 NOTE
r-devel-windows-x86_64 1.2.3 13.00 119.00 132.00 OK
r-patched-linux-x86_64 1.2.3 10.88 134.08 144.96 OK
r-release-linux-x86_64 1.2.3 14.40 131.22 145.62 OK
r-release-macos-arm64 1.2.3 313.00 OK
r-release-macos-x86_64 1.2.3 741.00 OK
r-release-windows-x86_64 1.2.3 19.00 147.00 166.00 OK
r-oldrel-macos-arm64 1.2.3 356.00 OK
r-oldrel-windows-x86_64 1.2.3 17.00 156.00 173.00 OK

Check Details

Version: 1.2.3
Check: Rd files
Result: NOTE checkRd: (-1) classmap.Rd:44: Lost braces 44 | Raymaekers J., Rousseeuw P.J., Hubert M. (2021). Class maps for visualizing classification results. \emph{Technometrics}, appeared online. \doi{10.1080/00401706.2021.1927849}{(link to open access pdf)} | ^ checkRd: (-1) confmat.vcr.Rd:30: Lost braces 30 | Raymaekers J., Rousseeuw P.J., Hubert M. (2021). Class maps for visualizing classification results. \emph{Technometrics}, appeared online. \doi{10.1080/00401706.2021.1927849}{(link to open access pdf)} | ^ checkRd: (-1) makeFV.Rd:34: Lost braces 34 | Raymaekers J., Rousseeuw P.J., Hubert M. (2021). Class maps for visualizing classification results. \emph{Technometrics}, appeared online. \doi{10.1080/00401706.2021.1927849}{(link to open access pdf)} | ^ checkRd: (-1) makeKernel.Rd:25: Lost braces 25 | Raymaekers J., Rousseeuw P.J., Hubert M. (2021). Class maps for visualizing classification results. \emph{Technometrics}, appeared online. \doi{10.1080/00401706.2021.1927849}{(link to open access pdf)} | ^ checkRd: (-1) stackedplot.Rd:37: Lost braces 37 | Raymaekers J., Rousseeuw P.J., Hubert M. (2021). Class maps for visualizing classification results. \emph{Technometrics}, appeared online. \doi{10.1080/00401706.2021.1927849}{(link to open access pdf)} | ^ checkRd: (-1) vcr.da.newdata.Rd:41: Lost braces 41 | Raymaekers J., Rousseeuw P.J., Hubert M. (2021). Class maps for visualizing classification results. \emph{Technometrics}, appeared online. \doi{10.1080/00401706.2021.1927849}{(link to open access pdf)} | ^ checkRd: (-1) vcr.da.train.Rd:46: Lost braces 46 | Raymaekers J., Rousseeuw P.J., Hubert M. (2021). Class maps for visualizing classification results. \emph{Technometrics}, appeared online. \doi{10.1080/00401706.2021.1927849}{(link to open access pdf)} | ^ checkRd: (-1) vcr.knn.newdata.Rd:42: Lost braces 42 | Raymaekers J., Rousseeuw P.J., Hubert M. (2021). Class maps for visualizing classification results. \emph{Technometrics}, appeared online. \doi{10.1080/00401706.2021.1927849}{(link to open access pdf)} | ^ checkRd: (-1) vcr.knn.train.Rd:43: Lost braces 43 | Raymaekers J., Rousseeuw P.J., Hubert M. (2021). Class maps for visualizing classification results. \emph{Technometrics}, appeared online. \doi{10.1080/00401706.2021.1927849}{(link to open access pdf)} | ^ checkRd: (-1) vcr.svm.newdata.Rd:38: Lost braces 38 | Raymaekers J., Rousseeuw P.J., Hubert M. (2021). Class maps for visualizing classification results. \emph{Technometrics}, appeared online. \doi{10.1080/00401706.2021.1927849}{(link to open access pdf)} | ^ checkRd: (-1) vcr.svm.train.Rd:41: Lost braces 41 | Raymaekers J., Rousseeuw P.J., Hubert M. (2021). Class maps for visualizing classification results. \emph{Technometrics}, appeared online. \doi{10.1080/00401706.2021.1927849}{(link to open access pdf)} | ^ Flavors: r-devel-linux-x86_64-debian-clang, r-devel-linux-x86_64-debian-gcc, r-devel-linux-x86_64-fedora-clang, r-devel-linux-x86_64-fedora-gcc

Version: 1.2.3
Check: data for non-ASCII characters
Result: NOTE Note: found 9 marked UTF-8 strings Flavors: r-devel-linux-x86_64-fedora-clang, r-devel-linux-x86_64-fedora-gcc