CRAN Package Check Results for Package clarabel

Last updated on 2024-03-03 04:48:32 CET.

Flavor Version Tinstall Tcheck Ttotal Status Flags
r-devel-linux-x86_64-debian-clang 0.5.1 235.65 32.05 267.70 OK
r-devel-linux-x86_64-debian-gcc 0.5.1 171.28 24.63 195.91 OK
r-devel-linux-x86_64-fedora-clang 0.5.1 343.13 NOTE
r-devel-linux-x86_64-fedora-gcc 0.5.1 353.31 NOTE
r-devel-windows-x86_64 0.5.1 136.00 74.00 210.00 OK
r-patched-linux-x86_64 0.5.1 233.54 30.78 264.32 OK
r-release-linux-x86_64 0.5.1 235.28 31.34 266.62 OK
r-release-macos-arm64 0.5.1 73.00 NOTE
r-release-macos-x86_64 0.5.1 124.00 NOTE
r-release-windows-x86_64 0.5.1 142.00 85.00 227.00 OK
r-oldrel-macos-arm64 0.5.1 61.00 NOTE
r-oldrel-windows-x86_64 0.5.1 168.00 77.00 245.00 WARN

Check Details

Version: 0.5.1
Check: installed package size
Result: NOTE installed size is 6.1Mb sub-directories of 1Mb or more: libs 5.8Mb Flavors: r-devel-linux-x86_64-fedora-clang, r-release-macos-arm64, r-release-macos-x86_64, r-oldrel-macos-arm64

Version: 0.5.1
Check: for GNU extensions in Makefiles
Result: NOTE GNU make is a SystemRequirements. Flavors: r-devel-linux-x86_64-fedora-clang, r-devel-linux-x86_64-fedora-gcc, r-release-macos-arm64, r-release-macos-x86_64, r-oldrel-macos-arm64

Version: 0.5.1
Check: whether package can be installed
Result: WARN Found the following significant warnings: Warning: corrupt .drectve at end of def file Flavor: r-oldrel-windows-x86_64