Last updated on 2023-12-10 04:55:53 CET.
Flavor | Version | Tinstall | Tcheck | Ttotal | Status | Flags |
---|---|---|---|---|---|---|
r-devel-linux-x86_64-debian-clang | 0.0.4 | 13.41 | 102.68 | 116.09 | OK | |
r-devel-linux-x86_64-debian-gcc | 0.0.4 | 9.73 | 75.02 | 84.75 | OK | |
r-devel-linux-x86_64-fedora-clang | 0.0.4 | 143.06 | NOTE | |||
r-devel-linux-x86_64-fedora-gcc | 0.0.4 | 133.45 | NOTE | |||
r-devel-windows-x86_64 | 0.0.4 | 12.00 | 85.00 | 97.00 | OK | |
r-patched-linux-x86_64 | 0.0.4 | 13.02 | 97.34 | 110.36 | OK | |
r-release-linux-x86_64 | 0.0.4 | 9.08 | 96.44 | 105.52 | OK | |
r-release-macos-arm64 | 0.0.4 | 44.00 | OK | |||
r-release-macos-x86_64 | 0.0.4 | 69.00 | OK | |||
r-release-windows-x86_64 | 0.0.4 | 16.00 | 102.00 | 118.00 | OK | |
r-oldrel-macos-arm64 | 0.0.4 | 44.00 | NOTE | |||
r-oldrel-macos-x86_64 | 0.0.4 | 72.00 | NOTE | |||
r-oldrel-windows-x86_64 | 0.0.4 | 16.00 | 105.00 | 121.00 | OK |
Version: 0.0.4
Check: dependencies in R code
Result: NOTE
Namespace in Imports field not imported from: ‘networkD3’
All declared Imports should be used.
Flavors: r-devel-linux-x86_64-fedora-clang, r-devel-linux-x86_64-fedora-gcc, r-oldrel-macos-arm64, r-oldrel-macos-x86_64