CRAN Package Check Results for Package citation

Last updated on 2024-06-14 05:58:18 CEST.

Flavor Version Tinstall Tcheck Ttotal Status Flags
r-devel-linux-x86_64-debian-clang 0.8.2 2.25 29.05 31.30 OK
r-devel-linux-x86_64-debian-gcc 0.8.2 1.96 21.22 23.18 ERROR
r-devel-linux-x86_64-fedora-clang 0.8.2 39.66 OK
r-devel-linux-x86_64-fedora-gcc 0.8.2 37.93 OK
r-devel-windows-x86_64 0.8.2 3.00 45.00 48.00 OK
r-patched-linux-x86_64 0.8.2 2.43 28.30 30.73 OK
r-release-linux-x86_64 0.8.2 2.94 28.46 31.40 OK
r-release-macos-arm64 0.8.2 17.00 OK
r-release-macos-x86_64 0.8.2 27.00 OK
r-release-windows-x86_64 0.8.2 3.00 45.00 48.00 OK
r-oldrel-macos-arm64 0.8.2 19.00 OK
r-oldrel-macos-x86_64 0.8.2 25.00 OK
r-oldrel-windows-x86_64 0.8.2 4.00 47.00 51.00 OK

Check Details

Version: 0.8.2
Check: package dependencies
Result: NOTE Package suggested but not available for checking: ‘testthat’ Flavor: r-devel-linux-x86_64-debian-gcc

Version: 0.8.2
Check: tests
Result: ERROR Running ‘testthat.R’ [0s/1s] Running the tests in ‘tests/testthat.R’ failed. Complete output: > library(testthat) Error in library(testthat) : there is no package called 'testthat' Execution halted Flavor: r-devel-linux-x86_64-debian-gcc