Last updated on 2023-12-04 05:09:00 CET.
Flavor | Version | Tinstall | Tcheck | Ttotal | Status | Flags |
---|---|---|---|---|---|---|
r-devel-linux-x86_64-debian-clang | 0.6.1 | 13.07 | 318.94 | 332.01 | NOTE | |
r-devel-linux-x86_64-debian-gcc | 0.6.1 | 11.60 | 243.06 | 254.66 | NOTE | |
r-devel-linux-x86_64-fedora-clang | 0.6.1 | 406.39 | NOTE | |||
r-devel-linux-x86_64-fedora-gcc | 0.6.1 | 400.85 | NOTE | |||
r-devel-windows-x86_64 | 0.6.1 | 12.00 | 228.00 | 240.00 | NOTE | |
r-patched-linux-x86_64 | 0.6.1 | 10.64 | 305.12 | 315.76 | NOTE | |
r-release-linux-x86_64 | 0.6.1 | 10.30 | 299.66 | 309.96 | NOTE | |
r-release-macos-arm64 | 0.6.1 | 129.00 | NOTE | |||
r-release-macos-x86_64 | 0.6.1 | 213.00 | NOTE | |||
r-release-windows-x86_64 | 0.6.1 | 18.00 | 287.00 | 305.00 | NOTE | |
r-oldrel-macos-arm64 | 0.6.1 | 130.00 | NOTE | |||
r-oldrel-macos-x86_64 | 0.6.1 | 233.00 | NOTE | |||
r-oldrel-windows-x86_64 | 0.6.1 | 16.00 | 292.00 | 308.00 | NOTE |
Version: 0.6.1
Check: LazyData
Result: NOTE
'LazyData' is specified without a 'data' directory
Flavors: r-devel-linux-x86_64-debian-clang, r-devel-linux-x86_64-debian-gcc, r-devel-linux-x86_64-fedora-clang, r-devel-linux-x86_64-fedora-gcc, r-devel-windows-x86_64, r-patched-linux-x86_64, r-release-linux-x86_64, r-release-macos-arm64, r-release-macos-x86_64, r-release-windows-x86_64, r-oldrel-macos-arm64, r-oldrel-macos-x86_64, r-oldrel-windows-x86_64