CRAN Package Check Results for Package chunkR

Last updated on 2024-03-04 04:51:25 CET.

Flavor Version Tinstall Tcheck Ttotal Status Flags
r-devel-linux-x86_64-debian-clang 1.1.1 44.46 32.26 76.72 NOTE
r-devel-linux-x86_64-debian-gcc 1.1.1 32.88 24.75 57.63 NOTE
r-devel-linux-x86_64-fedora-clang 1.1.1 104.29 NOTE
r-devel-linux-x86_64-fedora-gcc 1.1.1 105.95 NOTE
r-devel-windows-x86_64 1.1.1 31.00 64.00 95.00 NOTE
r-patched-linux-x86_64 1.1.1 45.81 31.56 77.37 NOTE
r-release-linux-x86_64 1.1.1 45.42 31.35 76.77 NOTE
r-release-macos-arm64 1.1.1 29.00 NOTE
r-release-macos-x86_64 1.1.1 49.00 NOTE
r-release-windows-x86_64 1.1.1 29.00 72.00 101.00 NOTE
r-oldrel-macos-arm64 1.1.1 32.00 OK
r-oldrel-windows-x86_64 1.1.1 40.00 70.00 110.00 OK

Check Details

Version: 1.1.1
Check: C++ specification
Result: NOTE Specified C++11: please drop specification unless essential Flavors: r-devel-linux-x86_64-debian-clang, r-devel-linux-x86_64-debian-gcc, r-devel-linux-x86_64-fedora-clang, r-devel-linux-x86_64-fedora-gcc, r-devel-windows-x86_64, r-patched-linux-x86_64, r-release-linux-x86_64, r-release-macos-arm64, r-release-macos-x86_64, r-release-windows-x86_64

Version: 1.1.1
Check: Rd files
Result: NOTE checkRd: (-1) chunker-methods.Rd:63: Lost braces in \enumerate; meant \describe ? checkRd: (-1) chunker-methods.Rd:64: Lost braces in \enumerate; meant \describe ? checkRd: (-1) chunker-methods.Rd:69: Lost braces in \enumerate; meant \describe ? checkRd: (-1) chunker-methods.Rd:70: Lost braces in \enumerate; meant \describe ? Flavors: r-devel-linux-x86_64-debian-clang, r-devel-linux-x86_64-debian-gcc, r-devel-linux-x86_64-fedora-clang, r-devel-linux-x86_64-fedora-gcc, r-devel-windows-x86_64