CRAN Package Check Results for Package chromoMap

Last updated on 2023-12-06 04:55:46 CET.

Flavor Version Tinstall Tcheck Ttotal Status Flags
r-devel-linux-x86_64-debian-clang 4.1.1 4.68 47.21 51.89 OK
r-devel-linux-x86_64-debian-gcc 4.1.1 4.54 35.63 40.17 OK
r-devel-linux-x86_64-fedora-clang 4.1.1 64.10 NOTE
r-devel-linux-x86_64-fedora-gcc 4.1.1 73.99 NOTE
r-devel-windows-x86_64 4.1.1 5.00 58.00 63.00 OK
r-patched-linux-x86_64 4.1.1 3.62 44.99 48.61 OK
r-release-linux-x86_64 4.1.1 5.58 44.90 50.48 OK
r-release-macos-arm64 4.1.1 32.00 OK
r-release-macos-x86_64 4.1.1 44.00 OK
r-release-windows-x86_64 4.1.1 7.00 63.00 70.00 OK
r-oldrel-macos-arm64 4.1.1 23.00 NOTE
r-oldrel-macos-x86_64 4.1.1 33.00 NOTE
r-oldrel-windows-x86_64 4.1.1 7.00 66.00 73.00 OK

Check Details

Version: 4.1.1
Check: dependencies in R code
Result: NOTE Namespace in Imports field not imported from: ‘htmltools’ All declared Imports should be used. Flavors: r-devel-linux-x86_64-fedora-clang, r-devel-linux-x86_64-fedora-gcc, r-oldrel-macos-arm64, r-oldrel-macos-x86_64