CRAN Package Check Results for Package chromConverter

Last updated on 2023-12-04 05:09:00 CET.

Flavor Version Tinstall Tcheck Ttotal Status Flags
r-devel-linux-x86_64-debian-clang 0.2.1 12.34 101.23 113.57 NOTE
r-devel-linux-x86_64-debian-gcc 0.2.1 8.18 76.24 84.42 NOTE
r-devel-linux-x86_64-fedora-clang 0.2.1 150.94 NOTE
r-devel-linux-x86_64-fedora-gcc 0.2.1 147.70 NOTE
r-devel-windows-x86_64 0.2.1 11.00 122.00 133.00 NOTE
r-patched-linux-x86_64 0.2.1 7.67 98.40 106.07 NOTE
r-release-linux-x86_64 0.2.1 12.43 98.52 110.95 NOTE
r-release-macos-arm64 0.2.1 43.00 NOTE
r-release-macos-x86_64 0.2.1 62.00 NOTE
r-release-windows-x86_64 0.2.1 15.00 118.00 133.00 NOTE
r-oldrel-macos-arm64 0.2.1 41.00 NOTE
r-oldrel-macos-x86_64 0.2.1 60.00 NOTE
r-oldrel-windows-x86_64 0.2.1 15.00 119.00 134.00 NOTE

Check Details

Version: 0.2.1
Check: package dependencies
Result: NOTE Package suggested but not available for checking: ‘entab’ Flavors: r-devel-linux-x86_64-debian-clang, r-devel-linux-x86_64-debian-gcc, r-devel-linux-x86_64-fedora-clang, r-devel-linux-x86_64-fedora-gcc, r-devel-windows-x86_64, r-patched-linux-x86_64, r-release-linux-x86_64, r-release-windows-x86_64, r-oldrel-macos-arm64, r-oldrel-macos-x86_64, r-oldrel-windows-x86_64

Version: 0.2.1
Check: dependencies in R code
Result: NOTE Namespace in Imports field not imported from: ‘readr’ All declared Imports should be used. Flavors: r-devel-linux-x86_64-fedora-clang, r-devel-linux-x86_64-fedora-gcc, r-oldrel-macos-arm64, r-oldrel-macos-x86_64

Version: 0.2.1
Check: package dependencies
Result: NOTE Packages suggested but not available for checking: 'entab', 'mzR' Flavors: r-release-macos-arm64, r-release-macos-x86_64