CRAN Package Check Results for Package checkpoint

Last updated on 2024-06-13 05:59:00 CEST.

Flavor Version Tinstall Tcheck Ttotal Status Flags
r-devel-linux-x86_64-debian-clang 1.0.2 2.34 30.80 33.14 NOTE
r-devel-linux-x86_64-debian-gcc 1.0.2 2.05 22.40 24.45 ERROR
r-devel-linux-x86_64-fedora-clang 1.0.2 43.88 NOTE
r-devel-linux-x86_64-fedora-gcc 1.0.2 54.31 NOTE
r-devel-windows-x86_64 1.0.2 3.00 45.00 48.00 NOTE
r-patched-linux-x86_64 1.0.2 6.51 29.76 36.27 NOTE
r-release-linux-x86_64 1.0.2 2.54 29.48 32.02 NOTE
r-release-macos-arm64 1.0.2 25.00 NOTE
r-release-macos-x86_64 1.0.2 44.00 NOTE
r-release-windows-x86_64 1.0.2 3.00 46.00 49.00 NOTE
r-oldrel-macos-arm64 1.0.2 25.00 NOTE
r-oldrel-macos-x86_64 1.0.2 35.00 NOTE
r-oldrel-windows-x86_64 1.0.2 4.00 46.00 50.00 NOTE

Check Details

Version: 1.0.2
Check: package dependencies
Result: NOTE Package suggested but not available for checking: ‘darts’ Flavors: r-devel-linux-x86_64-debian-clang, r-devel-linux-x86_64-fedora-clang, r-devel-linux-x86_64-fedora-gcc, r-devel-windows-x86_64, r-patched-linux-x86_64, r-release-linux-x86_64, r-release-macos-arm64, r-release-macos-x86_64, r-release-windows-x86_64, r-oldrel-macos-arm64, r-oldrel-macos-x86_64, r-oldrel-windows-x86_64

Version: 1.0.2
Check: package dependencies
Result: NOTE Packages suggested but not available for checking: 'testthat', 'darts' Flavor: r-devel-linux-x86_64-debian-gcc

Version: 1.0.2
Check: tests
Result: ERROR Running ‘testthat.R’ [0s/1s] Running the tests in ‘tests/testthat.R’ failed. Complete output: > library(testthat) Error in library(testthat) : there is no package called 'testthat' Execution halted Flavor: r-devel-linux-x86_64-debian-gcc

Version: 1.0.2
Check: dependencies in R code
Result: NOTE Namespace in Imports field not imported from: ‘jsonlite’ All declared Imports should be used. Flavors: r-devel-linux-x86_64-fedora-clang, r-devel-linux-x86_64-fedora-gcc