CRAN Package Check Results for Package checkpoint

Last updated on 2023-12-02 04:52:08 CET.

Flavor Version Tinstall Tcheck Ttotal Status Flags
r-devel-linux-x86_64-debian-clang 1.0.2 2.30 28.28 30.58 NOTE
r-devel-linux-x86_64-debian-gcc 1.0.2 1.89 21.87 23.76 NOTE
r-devel-linux-x86_64-fedora-clang 1.0.2 40.47 NOTE
r-devel-linux-x86_64-fedora-gcc 1.0.2 50.46 NOTE
r-devel-windows-x86_64 1.0.2 4.00 45.00 49.00 NOTE
r-patched-linux-x86_64 1.0.2 6.88 27.33 34.21 NOTE
r-release-linux-x86_64 1.0.2 2.01 27.46 29.47 NOTE
r-release-macos-arm64 1.0.2 25.00 NOTE
r-release-macos-x86_64 1.0.2 35.00 NOTE
r-release-windows-x86_64 1.0.2 5.00 47.00 52.00 NOTE
r-oldrel-macos-arm64 1.0.2 18.00 NOTE
r-oldrel-macos-x86_64 1.0.2 33.00 NOTE
r-oldrel-windows-x86_64 1.0.2 5.00 48.00 53.00 NOTE

Check Details

Version: 1.0.2
Check: package dependencies
Result: NOTE Package suggested but not available for checking: ‘darts’ Flavors: r-devel-linux-x86_64-debian-clang, r-devel-linux-x86_64-debian-gcc, r-devel-linux-x86_64-fedora-clang, r-devel-linux-x86_64-fedora-gcc, r-devel-windows-x86_64, r-patched-linux-x86_64, r-release-linux-x86_64, r-release-macos-arm64, r-release-macos-x86_64, r-release-windows-x86_64, r-oldrel-macos-x86_64, r-oldrel-windows-x86_64

Version: 1.0.2
Check: dependencies in R code
Result: NOTE Namespace in Imports field not imported from: ‘jsonlite’ All declared Imports should be used. Flavors: r-devel-linux-x86_64-fedora-clang, r-devel-linux-x86_64-fedora-gcc, r-oldrel-macos-arm64, r-oldrel-macos-x86_64