Last updated on 2023-12-03 04:56:01 CET.
Flavor | Version | Tinstall | Tcheck | Ttotal | Status | Flags |
---|---|---|---|---|---|---|
r-devel-linux-x86_64-debian-clang | 0.1.0 | 3.40 | 36.06 | 39.46 | NOTE | |
r-devel-linux-x86_64-debian-gcc | 0.1.0 | 2.52 | 27.72 | 30.24 | NOTE | |
r-devel-linux-x86_64-fedora-clang | 0.1.0 | 48.70 | NOTE | |||
r-devel-linux-x86_64-fedora-gcc | 0.1.0 | 56.83 | NOTE | |||
r-devel-windows-x86_64 | 0.1.0 | 3.00 | 50.00 | 53.00 | NOTE | |
r-patched-linux-x86_64 | 0.1.0 | 2.04 | 33.99 | 36.03 | NOTE | |
r-release-linux-x86_64 | 0.1.0 | 1.98 | 34.26 | 36.24 | NOTE | |
r-release-macos-arm64 | 0.1.0 | 30.00 | NOTE | |||
r-release-macos-x86_64 | 0.1.0 | 42.00 | NOTE | |||
r-release-windows-x86_64 | 0.1.0 | 5.00 | 55.00 | 60.00 | NOTE | |
r-oldrel-macos-arm64 | 0.1.0 | 24.00 | OK | |||
r-oldrel-macos-x86_64 | 0.1.0 | 37.00 | OK | |||
r-oldrel-windows-x86_64 | 0.1.0 | 4.00 | 55.00 | 59.00 | OK |
Version: 0.1.0
Check: package subdirectories
Result: NOTE
Problems with news in ‘NEWS.md’:
No news entries found.
Flavors: r-devel-linux-x86_64-debian-clang, r-devel-linux-x86_64-debian-gcc, r-devel-linux-x86_64-fedora-clang, r-devel-linux-x86_64-fedora-gcc, r-devel-windows-x86_64, r-patched-linux-x86_64, r-release-linux-x86_64, r-release-macos-arm64, r-release-macos-x86_64, r-release-windows-x86_64