CRAN Package Check Results for Package cenROC

Last updated on 2023-11-30 04:52:46 CET.

Flavor Version Tinstall Tcheck Ttotal Status Flags
r-devel-linux-x86_64-debian-clang 2.0.0 61.38 89.68 151.06 OK
r-devel-linux-x86_64-debian-gcc 2.0.0 45.13 70.07 115.20 OK
r-devel-linux-x86_64-fedora-clang 2.0.0 198.87 OK
r-devel-linux-x86_64-fedora-gcc 2.0.0 202.95 OK
r-devel-windows-x86_64 2.0.0 47.00 109.00 156.00 OK
r-patched-linux-x86_64 2.0.0 55.34 90.35 145.69 OK
r-release-linux-x86_64 2.0.0 57.83 91.04 148.87 OK
r-release-macos-arm64 2.0.0 58.00 NOTE
r-release-macos-x86_64 2.0.0 95.00 NOTE
r-release-windows-x86_64 2.0.0 62.00 127.00 189.00 OK
r-oldrel-macos-arm64 2.0.0 59.00 NOTE
r-oldrel-macos-x86_64 2.0.0 77.00 NOTE
r-oldrel-windows-x86_64 2.0.0 60.00 122.00 182.00 OK

Check Details

Version: 2.0.0
Check: installed package size
Result: NOTE installed size is 11.3Mb sub-directories of 1Mb or more: libs 11.1Mb Flavors: r-release-macos-arm64, r-release-macos-x86_64, r-oldrel-macos-arm64, r-oldrel-macos-x86_64