Last updated on 2023-11-29 04:57:16 CET.
Flavor | Version | Tinstall | Tcheck | Ttotal | Status | Flags |
---|---|---|---|---|---|---|
r-devel-linux-x86_64-debian-clang | 1.0.6 | 16.44 | 145.66 | 162.10 | NOTE | |
r-devel-linux-x86_64-debian-gcc | 1.0.6 | 13.61 | 111.89 | 125.50 | NOTE | |
r-devel-linux-x86_64-fedora-clang | 1.0.6 | 205.21 | NOTE | |||
r-devel-linux-x86_64-fedora-gcc | 1.0.6 | 217.35 | NOTE | |||
r-devel-windows-x86_64 | 1.0.6 | 16.00 | 120.00 | 136.00 | NOTE | |
r-patched-linux-x86_64 | 1.0.6 | 17.28 | 145.06 | 162.34 | NOTE | |
r-release-linux-x86_64 | 1.0.6 | 13.21 | 146.73 | 159.94 | NOTE | |
r-release-macos-arm64 | 1.0.6 | 26.00 | NOTE | |||
r-release-macos-x86_64 | 1.0.6 | 36.00 | NOTE | |||
r-release-windows-x86_64 | 1.0.6 | 20.00 | 147.00 | 167.00 | NOTE | |
r-oldrel-macos-arm64 | 1.0.6 | 25.00 | OK | |||
r-oldrel-macos-x86_64 | 1.0.6 | 32.00 | OK | |||
r-oldrel-windows-x86_64 | 1.0.6 | 22.00 | 143.00 | 165.00 | OK |
Version: 1.0.6
Check: package subdirectories
Result: NOTE
Problems with news in ‘NEWS.md’:
No news entries found.
Flavors: r-devel-linux-x86_64-debian-clang, r-devel-linux-x86_64-debian-gcc, r-devel-linux-x86_64-fedora-clang, r-devel-linux-x86_64-fedora-gcc, r-devel-windows-x86_64, r-patched-linux-x86_64, r-release-linux-x86_64, r-release-macos-arm64, r-release-macos-x86_64, r-release-windows-x86_64