CRAN Package Check Results for Package cctools

Last updated on 2024-02-21 04:55:35 CET.

Flavor Version Tinstall Tcheck Ttotal Status Flags
r-devel-linux-x86_64-debian-clang 0.1.2 NOTE
r-devel-linux-x86_64-debian-gcc 0.1.2 24.80 25.23 50.03 NOTE
r-devel-linux-x86_64-fedora-clang 0.1.2 91.05 NOTE
r-devel-linux-x86_64-fedora-gcc 0.1.2 88.89 NOTE
r-devel-windows-x86_64 0.1.2 26.00 65.00 91.00 NOTE
r-patched-linux-x86_64 0.1.2 28.29 32.91 61.20 NOTE
r-release-linux-x86_64 0.1.2 37.07 32.23 69.30 NOTE
r-release-macos-arm64 0.1.2 50.00 NOTE
r-release-macos-x86_64 0.1.2 80.00 NOTE
r-release-windows-x86_64 0.1.2 33.00 72.00 105.00 NOTE
r-oldrel-macos-arm64 0.1.2 45.00 NOTE
r-oldrel-windows-x86_64 0.1.2 32.00 73.00 105.00 NOTE

Check Details

Version: 0.1.2
Check: LazyData
Result: NOTE 'LazyData' is specified without a 'data' directory Flavors: r-devel-linux-x86_64-debian-clang, r-devel-linux-x86_64-debian-gcc, r-devel-linux-x86_64-fedora-clang, r-devel-linux-x86_64-fedora-gcc, r-devel-windows-x86_64, r-patched-linux-x86_64, r-release-linux-x86_64, r-release-macos-arm64, r-release-macos-x86_64, r-release-windows-x86_64, r-oldrel-macos-arm64, r-oldrel-windows-x86_64