Last updated on 2023-12-02 04:52:08 CET.
Flavor | Version | Tinstall | Tcheck | Ttotal | Status | Flags |
---|---|---|---|---|---|---|
r-devel-linux-x86_64-debian-clang | 0.5.0 | 6.77 | 70.45 | 77.22 | NOTE | |
r-devel-linux-x86_64-debian-gcc | 0.5.0 | 5.31 | 64.56 | 69.87 | NOTE | |
r-devel-linux-x86_64-fedora-clang | 0.5.0 | 116.54 | OK | |||
r-devel-linux-x86_64-fedora-gcc | 0.5.0 | 230.55 | OK | |||
r-devel-windows-x86_64 | 0.5.0 | 7.00 | 88.00 | 95.00 | OK | |
r-patched-linux-x86_64 | 0.5.0 | 5.19 | 83.34 | 88.53 | OK | |
r-release-linux-x86_64 | 0.5.0 | 5.01 | 73.35 | 78.36 | OK | |
r-release-macos-arm64 | 0.5.0 | 56.00 | OK | |||
r-release-macos-x86_64 | 0.5.0 | 129.00 | OK | |||
r-release-windows-x86_64 | 0.5.0 | 10.00 | 100.00 | 110.00 | OK | |
r-oldrel-macos-arm64 | 0.5.0 | 60.00 | OK | |||
r-oldrel-macos-x86_64 | 0.5.0 | 89.00 | OK | |||
r-oldrel-windows-x86_64 | 0.5.0 | 9.00 | 100.00 | 109.00 | OK |
Version: 0.5.0
Check: Rd files
Result: NOTE
checkRd: (-1) cbc_design.Rd:160: Lost braces; missing escapes or markup?
160 | see \code{?DoE.base::fac.design} as well as the JSS article on the {DoE.base}
| ^
checkRd: (-1) cbc_design.Rd:174: Lost braces; missing escapes or markup?
174 | well as the JSS article on the {DoE.base} package (Grömping, 2018).
| ^
checkRd: (-1) cbc_design.Rd:197: Lost braces; missing escapes or markup?
197 | {idefix} package (Traets et al, 2020).
| ^
checkRd: (-1) cbc_power.Rd:70: Lost braces; missing escapes or markup?
70 | estimation. See the {logitr} documentation for details about other
| ^
Flavors: r-devel-linux-x86_64-debian-clang, r-devel-linux-x86_64-debian-gcc