Last updated on 2023-11-28 04:57:13 CET.
Flavor | Version | Tinstall | Tcheck | Ttotal | Status | Flags |
---|---|---|---|---|---|---|
r-devel-linux-x86_64-debian-clang | 1.2.5 | 10.34 | 84.67 | 95.01 | NOTE | |
r-devel-linux-x86_64-debian-gcc | 1.2.5 | 8.25 | 62.82 | 71.07 | NOTE | |
r-devel-linux-x86_64-fedora-clang | 1.2.5 | 115.73 | OK | |||
r-devel-linux-x86_64-fedora-gcc | 1.2.5 | 110.38 | OK | |||
r-devel-windows-x86_64 | 1.2.5 | 11.00 | 83.00 | 94.00 | OK | |
r-patched-linux-x86_64 | 1.2.5 | 9.73 | 79.97 | 89.70 | OK | |
r-release-linux-x86_64 | 1.2.5 | 7.59 | 80.57 | 88.16 | OK | |
r-release-macos-arm64 | 1.2.5 | 36.00 | OK | |||
r-release-macos-x86_64 | 1.2.5 | 52.00 | OK | |||
r-release-windows-x86_64 | 1.2.5 | 13.00 | 94.00 | 107.00 | OK | |
r-oldrel-macos-arm64 | 1.2.5 | 29.00 | OK | |||
r-oldrel-macos-x86_64 | 1.2.5 | 48.00 | OK | |||
r-oldrel-windows-x86_64 | 1.2.5 | 14.00 | 94.00 | 108.00 | OK |
Version: 1.2.5
Check: Rd files
Result: NOTE
checkRd: (-1) eval_make_DAG.Rd:34: Lost braces in \itemize; \value handles \item{}{} directly
checkRd: (-1) eval_make_DAG.Rd:35: Lost braces in \itemize; \value handles \item{}{} directly
checkRd: (-1) eval_make_formula.Rd:24: Lost braces in \itemize; \value handles \item{}{} directly
checkRd: (-1) eval_make_formula.Rd:25: Lost braces in \itemize; \value handles \item{}{} directly
checkRd: (-1) eval_make_formula.Rd:26: Lost braces in \itemize; \value handles \item{}{} directly
checkRd: (-1) eval_make_formula.Rd:27: Lost braces in \itemize; \value handles \item{}{} directly
checkRd: (-1) eval_make_formula.Rd:28: Lost braces in \itemize; \value handles \item{}{} directly
checkRd: (-1) eval_make_formula.Rd:29: Lost braces in \itemize; \value handles \item{}{} directly
checkRd: (-1) eval_make_formula.Rd:30: Lost braces in \itemize; \value handles \item{}{} directly
checkRd: (-1) eval_make_formula.Rd:31: Lost braces in \itemize; \value handles \item{}{} directly
checkRd: (-1) eval_make_formula.Rd:32: Lost braces in \itemize; \value handles \item{}{} directly
checkRd: (-1) eval_make_formula.Rd:33: Lost braces in \itemize; \value handles \item{}{} directly
checkRd: (-1) eval_make_formula.Rd:34: Lost braces in \itemize; \value handles \item{}{} directly
checkRd: (-1) indirect_PAF_Sjolander_onesimulation.Rd:65: Lost braces; missing escapes or markup?
65 | \if{html}{\figure{CausalDAG.jpg} {options: width=100 alt="Causal Bayesian network DAG"} }
| ^
checkRd: (-1) path_specific_onesimulation.Rd:54: Lost braces; missing escapes or markup?
54 | \if{html}{\figure{CausalDAG.jpg} {options: width=100 alt="Causal Bayesian network DAG"} }
| ^
checkRd: (-1) strokedata.Rd:49: Lost braces; missing escapes or markup?
49 | individual’s behaviour SB = {Smoking, Alcohol intake, inactivity, diet and stress},
| ^
checkRd: (-1) strokedata.Rd:50: Lost braces; missing escapes or markup?
50 | their physiology SP = {High blood pressure, ApoB/ApoA ratio, Waist hip ratio}
| ^
checkRd: (-1) strokedata.Rd:52: Lost braces; missing escapes or markup?
52 | SD = {Cardiac risk factors, Preclinical diabetes}.
| ^
checkRd: (-1) strokedata.Rd:60: Lost braces; missing escapes or markup?
60 | {SC , SB , SP , SD , Y }, and summarized by the causal graphs in
| ^
checkRd: (-1) strokedata_smallSample.Rd:49: Lost braces; missing escapes or markup?
49 | individual’s behaviour SB = {Smoking, Alcohol intake, inactivity, diet and stress},
| ^
checkRd: (-1) strokedata_smallSample.Rd:50: Lost braces; missing escapes or markup?
50 | their physiology SP = {High blood pressure, ApoB/ApoA ratio, Waist hip ratio}
| ^
checkRd: (-1) strokedata_smallSample.Rd:52: Lost braces; missing escapes or markup?
52 | SD = {Cardiac risk factors, Pre clinical diabetes}.
| ^
checkRd: (-1) strokedata_smallSample.Rd:60: Lost braces; missing escapes or markup?
60 | {SC , SB , SP , SD , Y }, and summarized by the causal graphs in
| ^
Flavors: r-devel-linux-x86_64-debian-clang, r-devel-linux-x86_64-debian-gcc